{"id":1485,"date":"2024-03-06T13:32:49","date_gmt":"2024-03-06T12:32:49","guid":{"rendered":"https:\/\/ficedula.pl\/?page_id=1485"},"modified":"2025-02-01T18:09:06","modified_gmt":"2025-02-01T17:09:06","slug":"razem-dla-czystego-jutra","status":"publish","type":"page","link":"https:\/\/ficedula.pl\/index.php\/razem-dla-czystego-jutra\/","title":{"rendered":"Razem dla czystego jutra"},"content":{"rendered":"\r\n<p><em>Zadanie: Podniesienie \u015bwiadomo\u015bci ekologicznej mieszka\u0144c\u00f3w Starachowic.<\/em><\/p>\r\n\r\n\r\n\r\n<p><strong>Celem g\u0142\u00f3wnym zadania &#8220;Razem dla czystego jutra&#8221; jest zwi\u0119kszenie \u015bwiadomo\u015bci spo\u0142ecznej na temat problemu zanieczyszczenia \u015brodowiska przez \u015bmieci i zanieczyszczone powietrze oraz promowanie dzia\u0142a\u0144 proekologicznych, rozwijanie \u015bwiadomo\u015bci przyrodniczej i ekologicznej w\u015br\u00f3d dzieci, m\u0142odzie\u017cy oraz ca\u0142ych rodzin z dzie\u0107mi z Gminy Starachowice. <\/strong><\/p>\r\n\r\n\r\n\r\n<p>Realizacja zadania polega\u0107 b\u0119dzie na trzech aktywno\u015bciach, odbywaj\u0105cych si\u0119 w formie kameralnej i terenowej.<\/p>\r\n\r\n\r\n\r\n<p><strong>Warsztaty edukacyjne w szko\u0142ach <\/strong>&#8211; podczas warsztat\u00f3w edukacyjnych zostanie om\u00f3wiona tematyka segregacji \u015bmieci i wp\u0142ywu odpad\u00f3w na \u015brodowisko. Zostanie om\u00f3wiona r\u00f3wnie\u017c kwestia ochrony powietrza i wp\u0142ywu ro\u015blin na oczyszczanie powietrza. Uczestnicy dowiedz\u0105 si\u0119, jak zanieczyszczone \u015brodowisko wp\u0142ywa na ludzi oraz zwierz\u0119ta oraz jak mo\u017cna post\u0119powa\u0107, by \u017cy\u0107 w czystym \u015brodowisku. W ramach zaj\u0119\u0107\u00a0uczniowie wykonaj\u0105 eksperymenty dotycz\u0105ce rozchodzenia si\u0119 zanieczyszcze\u0144 w wodzie, a tak\u017ce sortowania odpad\u00f3w. Podsumowaniem b\u0119d\u0105 rozdane broszury z wskaz\u00f3wkami dotycz\u0105cymi segregacji.\u00a0<\/p>\r\n\r\n\r\n\r\n<figure class=\"wp-block-gallery has-nested-images columns-default is-cropped wp-block-gallery-1 is-layout-flex wp-block-gallery-is-layout-flex\">\r\n<figure class=\"wp-block-image size-large\"><a href=\"https:\/\/ficedula.pl\/wp-content\/uploads\/2024\/03\/IMG_20240226_124624_9-1-scaled-e1709727939348.jpg\"><img loading=\"lazy\" decoding=\"async\" width=\"1024\" height=\"682\" data-id=\"1481\" class=\"wp-image-1481\" src=\"https:\/\/ficedula.pl\/wp-content\/uploads\/2024\/03\/IMG_20240226_124624_9-1-scaled-e1709727929904-1024x682.jpg\" alt=\"\" \/><\/a><\/figure>\r\n\r\n\r\n\r\n<figure class=\"wp-block-image size-large\"><a href=\"https:\/\/ficedula.pl\/wp-content\/uploads\/2024\/03\/IMG_20240226_083452_3-1-scaled-e1709728063496.jpg\"><img loading=\"lazy\" decoding=\"async\" width=\"1024\" height=\"683\" data-id=\"1482\" class=\"wp-image-1482\" src=\"https:\/\/ficedula.pl\/wp-content\/uploads\/2024\/03\/IMG_20240226_083452_3-1-scaled-e1709728063496-1024x683.jpg\" alt=\"\" srcset=\"https:\/\/ficedula.pl\/wp-content\/uploads\/2024\/03\/IMG_20240226_083452_3-1-scaled-e1709728063496-1024x683.jpg 1024w, https:\/\/ficedula.pl\/wp-content\/uploads\/2024\/03\/IMG_20240226_083452_3-1-scaled-e1709728063496-300x200.jpg 300w, https:\/\/ficedula.pl\/wp-content\/uploads\/2024\/03\/IMG_20240226_083452_3-1-scaled-e1709728063496-768x512.jpg 768w, https:\/\/ficedula.pl\/wp-content\/uploads\/2024\/03\/IMG_20240226_083452_3-1-scaled-e1709728063496-1536x1025.jpg 1536w, https:\/\/ficedula.pl\/wp-content\/uploads\/2024\/03\/IMG_20240226_083452_3-1-scaled-e1709728063496-2048x1366.jpg 2048w\" sizes=\"auto, (max-width: 767px) 89vw, (max-width: 1000px) 54vw, (max-width: 1071px) 543px, 580px\" \/><\/a><\/figure>\r\n<\/figure>\r\n\r\n\r\n\r\n<p><strong>Spacery przyrodnicze<\/strong> &#8211; uczestnicy b\u0119d\u0105 porusza\u0107 si\u0119 z przyrodnikiem poznaj\u0105c faun\u0119 i flor\u0119 starachowickich las\u00f3w. Podczas spacer\u00f3w zostanie om\u00f3wiony wp\u0142yw lasu i ro\u015blinno\u015bci na czysto\u015b\u0107 powietrza oraz zostan\u0105 przytoczone inne zbawienne dla organizmu korzy\u015bci p\u0142yn\u0105ce ze sp\u0119dzaniu czasu w naturze. Prowadz\u0105c spacery zostanie poruszona kwestia \u015bmieci w \u015brodowisku le\u015bnym oraz ich wp\u0142yw na dzikie zwierz\u0119ta i ro\u015bliny. Przedstawione te\u017c b\u0119d\u0105 dobre praktyki zwi\u0105zane ze sprz\u0105taniem \u015bmieci ze \u015brodowiska le\u015bnego. Uczestnicy wzbogac\u0105 swoj\u0105 wiedz\u0119 przyrodnicz\u0105 oraz zostan\u0105 uwra\u017cliwieni na otaczaj\u0105c\u0105 przyrod\u0119.<\/p>\r\n\r\n\r\n\r\n<figure class=\"wp-block-gallery has-nested-images columns-default is-cropped wp-block-gallery-2 is-layout-flex wp-block-gallery-is-layout-flex\">\r\n<figure class=\"wp-block-image size-large\"><a href=\"https:\/\/ficedula.pl\/wp-content\/uploads\/2024\/03\/spacer_starachowice_1-scaled-e1709728288389.jpg\"><img loading=\"lazy\" decoding=\"async\" width=\"1024\" height=\"683\" data-id=\"1483\" class=\"wp-image-1483\" src=\"https:\/\/ficedula.pl\/wp-content\/uploads\/2024\/03\/spacer_starachowice_1-1024x683.jpg\" alt=\"\" \/><\/a><\/figure>\r\n\r\n\r\n\r\n<figure class=\"wp-block-image size-large\"><a href=\"https:\/\/ficedula.pl\/wp-content\/uploads\/2024\/03\/IMG_20240224_120625-scaled-e1709728299958.jpg\"><img loading=\"lazy\" decoding=\"async\" width=\"1024\" height=\"768\" data-id=\"1484\" class=\"wp-image-1484\" src=\"https:\/\/ficedula.pl\/wp-content\/uploads\/2024\/03\/IMG_20240224_120625-1024x768.jpg\" alt=\"\" \/><\/a><\/figure>\r\n<\/figure>\r\n\r\n\r\n\r\n<p><strong>Konkurs plastyczny Moc drzew w oczyszczaniu powietrza\u201d<\/strong> &#8211; konkurs dotycz\u0105cy dobrych praktyk w ochronie powietrza oraz w ochronie \u015brodowiska przed \u015bmieciami. Konkurs pozwoli uczniom samodzielnie zag\u0142\u0119bi\u0107 si\u0119 w problematyk\u0119 \u015bmieci i zanieczyszczonego powietrza, przez co uczniowie zwi\u0119ksz\u0105 swoj\u0105 \u015bwiadomo\u015b\u0107 i wzmocni\u0105 wi\u0119\u017a ze \u015brodowiskiem.<\/p>\r\n<p><strong>W ramach projektu zosta\u0142y opracowane i wydrukowane dwie broszury edukacyjne, nt. pozaprodukcyjnej funkcji lasu oraz prawid\u0142owej segregacji \u015bmieci.<\/strong><\/p>\r\n<div id='gallery-1' class='gallery galleryid-1485 gallery-columns-2 gallery-size-thumbnail'><figure class='gallery-item'>\n\t\t\t<div class='gallery-icon landscape'>\n\t\t\t\t<a href='https:\/\/ficedula.pl\/wp-content\/uploads\/2025\/02\/Razem-dla-czystego-jutra-1-scaled.jpg'><img loading=\"lazy\" decoding=\"async\" width=\"150\" height=\"150\" src=\"https:\/\/ficedula.pl\/wp-content\/uploads\/2025\/02\/Razem-dla-czystego-jutra-1-150x150.jpg\" class=\"attachment-thumbnail size-thumbnail\" alt=\"\" srcset=\"https:\/\/ficedula.pl\/wp-content\/uploads\/2025\/02\/Razem-dla-czystego-jutra-1-150x150.jpg 150w, https:\/\/ficedula.pl\/wp-content\/uploads\/2025\/02\/Razem-dla-czystego-jutra-1-250x250.jpg 250w\" sizes=\"auto, 100vw\" \/><\/a>\n\t\t\t<\/div><\/figure><figure class='gallery-item'>\n\t\t\t<div class='gallery-icon landscape'>\n\t\t\t\t<a href='https:\/\/ficedula.pl\/wp-content\/uploads\/2025\/02\/Razem-dla-czystego-jutra-2-scaled.jpg'><img loading=\"lazy\" decoding=\"async\" width=\"150\" height=\"150\" src=\"https:\/\/ficedula.pl\/wp-content\/uploads\/2025\/02\/Razem-dla-czystego-jutra-2-150x150.jpg\" class=\"attachment-thumbnail size-thumbnail\" alt=\"\" srcset=\"https:\/\/ficedula.pl\/wp-content\/uploads\/2025\/02\/Razem-dla-czystego-jutra-2-150x150.jpg 150w, https:\/\/ficedula.pl\/wp-content\/uploads\/2025\/02\/Razem-dla-czystego-jutra-2-250x250.jpg 250w\" sizes=\"auto, 100vw\" \/><\/a>\n\t\t\t<\/div><\/figure>\n\t\t<\/div>\n\r\n\r\n\r\n\r\n<p>Projekt wsp\u00f3\u0142finansowany ze \u015brodk\u00f3w Gminy Starachowice i Stowarzyszenia Ficedula.<\/p>\r\n\r\n\r\n\r\n<p style=\"font-size: 12px;\">Termin realizacji: 20.02.2024-31.12.2024<\/p>\r\n\r\n\r\n\r\n<p>&nbsp;<\/p>\r\n","protected":false},"excerpt":{"rendered":"<p>Zadanie: Podniesienie \u015bwiadomo\u015bci ekologicznej mieszka\u0144c\u00f3w Starachowic. Celem g\u0142\u00f3wnym zadania &#8220;Razem dla czystego jutra&#8221; jest zwi\u0119kszenie \u015bwiadomo\u015bci spo\u0142ecznej na temat problemu zanieczyszczenia \u015brodowiska przez \u015bmieci i zanieczyszczone powietrze oraz promowanie dzia\u0142a\u0144 proekologicznych, rozwijanie \u015bwiadomo\u015bci przyrodniczej i ekologicznej w\u015br\u00f3d dzieci, m\u0142odzie\u017cy oraz ca\u0142ych rodzin z dzie\u0107mi z Gminy Starachowice. Realizacja zadania polega\u0107 b\u0119dzie na trzech aktywno\u015bciach, odbywaj\u0105cych &hellip; <\/p>\n<p class=\"link-more\"><a href=\"https:\/\/ficedula.pl\/index.php\/razem-dla-czystego-jutra\/\" class=\"more-link\">Czytaj dalej<span class=\"screen-reader-text\"> \u201eRazem dla czystego jutra\u201d<\/span><\/a><\/p>\n","protected":false},"author":2,"featured_media":0,"parent":0,"menu_order":0,"comment_status":"closed","ping_status":"closed","template":"","meta":{"footnotes":""},"class_list":["post-1485","page","type-page","status-publish","hentry"],"_links":{"self":[{"href":"https:\/\/ficedula.pl\/index.php\/wp-json\/wp\/v2\/pages\/1485","targetHints":{"allow":["GET"]}}],"collection":[{"href":"https:\/\/ficedula.pl\/index.php\/wp-json\/wp\/v2\/pages"}],"about":[{"href":"https:\/\/ficedula.pl\/index.php\/wp-json\/wp\/v2\/types\/page"}],"author":[{"embeddable":true,"href":"https:\/\/ficedula.pl\/index.php\/wp-json\/wp\/v2\/users\/2"}],"replies":[{"embeddable":true,"href":"https:\/\/ficedula.pl\/index.php\/wp-json\/wp\/v2\/comments?post=1485"}],"version-history":[{"count":8,"href":"https:\/\/ficedula.pl\/index.php\/wp-json\/wp\/v2\/pages\/1485\/revisions"}],"predecessor-version":[{"id":1700,"href":"https:\/\/ficedula.pl\/index.php\/wp-json\/wp\/v2\/pages\/1485\/revisions\/1700"}],"wp:attachment":[{"href":"https:\/\/ficedula.pl\/index.php\/wp-json\/wp\/v2\/media?parent=1485"}],"curies":[{"name":"wp","href":"https:\/\/api.w.org\/{rel}","templated":true}]}}

<p><em>Zadanie: Podniesienie świadomości ekologicznej mieszkańców Starachowic.</em></p>



<p><strong>Celem głównym zadania &#8220;Razem dla czystego jutra&#8221; jest zwiększenie świadomości społecznej na temat problemu zanieczyszczenia środowiska przez śmieci i zanieczyszczone powietrze oraz promowanie działań proekologicznych, rozwijanie świadomości przyrodniczej i ekologicznej wśród dzieci, młodzieży oraz całych rodzin z dziećmi z Gminy Starachowice. </strong></p>



<p>Realizacja zadania polegać będzie na trzech aktywnościach, odbywających się w formie kameralnej i terenowej.</p>



<p><strong>Warsztaty edukacyjne w szkołach </strong>&#8211; podczas warsztatów edukacyjnych zostanie omówiona tematyka segregacji śmieci i wpływu odpadów na środowisko. Zostanie omówiona również kwestia ochrony powietrza i wpływu roślin na oczyszczanie powietrza. Uczestnicy dowiedzą się, jak zanieczyszczone środowisko wpływa na ludzi oraz zwierzęta oraz jak można postępować, by żyć w czystym środowisku. W ramach zajęć uczniowie wykonają eksperymenty dotyczące rozchodzenia się zanieczyszczeń w wodzie, a także sortowania odpadów. Podsumowaniem będą rozdane broszury z wskazówkami dotyczącymi segregacji. </p>



<figure class="wp-block-gallery has-nested-images columns-default is-cropped wp-block-gallery-1 is-layout-flex wp-block-gallery-is-layout-flex">
<figure class="wp-block-image size-large"><a href="https://ficedula.pl/wp-content/uploads/2024/03/IMG_20240226_124624_9-1-scaled-e1709727939348.jpg"><img loading="lazy" decoding="async" width="1024" height="682" data-id="1481" class="wp-image-1481" src="https://ficedula.pl/wp-content/uploads/2024/03/IMG_20240226_124624_9-1-scaled-e1709727929904-1024x682.jpg" alt="" /></a></figure>



<figure class="wp-block-image size-large"><a href="https://ficedula.pl/wp-content/uploads/2024/03/IMG_20240226_083452_3-1-scaled-e1709728063496.jpg"><img loading="lazy" decoding="async" width="1024" height="683" data-id="1482" class="wp-image-1482" src="https://ficedula.pl/wp-content/uploads/2024/03/IMG_20240226_083452_3-1-scaled-e1709728063496-1024x683.jpg" alt="" srcset="https://ficedula.pl/wp-content/uploads/2024/03/IMG_20240226_083452_3-1-scaled-e1709728063496-1024x683.jpg 1024w, https://ficedula.pl/wp-content/uploads/2024/03/IMG_20240226_083452_3-1-scaled-e1709728063496-300x200.jpg 300w, https://ficedula.pl/wp-content/uploads/2024/03/IMG_20240226_083452_3-1-scaled-e1709728063496-768x512.jpg 768w, https://ficedula.pl/wp-content/uploads/2024/03/IMG_20240226_083452_3-1-scaled-e1709728063496-1536x1025.jpg 1536w, https://ficedula.pl/wp-content/uploads/2024/03/IMG_20240226_083452_3-1-scaled-e1709728063496-2048x1366.jpg 2048w" sizes="auto, (max-width: 767px) 89vw, (max-width: 1000px) 54vw, (max-width: 1071px) 543px, 580px" /></a></figure>
</figure>



<p><strong>Spacery przyrodnicze</strong> &#8211; uczestnicy będą poruszać się z przyrodnikiem poznając faunę i florę starachowickich lasów. Podczas spacerów zostanie omówiony wpływ lasu i roślinności na czystość powietrza oraz zostaną przytoczone inne zbawienne dla organizmu korzyści płynące ze spędzaniu czasu w naturze. Prowadząc spacery zostanie poruszona kwestia śmieci w środowisku leśnym oraz ich wpływ na dzikie zwierzęta i rośliny. Przedstawione też będą dobre praktyki związane ze sprzątaniem śmieci ze środowiska leśnego. Uczestnicy wzbogacą swoją wiedzę przyrodniczą oraz zostaną uwrażliwieni na otaczającą przyrodę.</p>



<figure class="wp-block-gallery has-nested-images columns-default is-cropped wp-block-gallery-2 is-layout-flex wp-block-gallery-is-layout-flex">
<figure class="wp-block-image size-large"><a href="https://ficedula.pl/wp-content/uploads/2024/03/spacer_starachowice_1-scaled-e1709728288389.jpg"><img loading="lazy" decoding="async" width="1024" height="683" data-id="1483" class="wp-image-1483" src="https://ficedula.pl/wp-content/uploads/2024/03/spacer_starachowice_1-1024x683.jpg" alt="" /></a></figure>



<figure class="wp-block-image size-large"><a href="https://ficedula.pl/wp-content/uploads/2024/03/IMG_20240224_120625-scaled-e1709728299958.jpg"><img loading="lazy" decoding="async" width="1024" height="768" data-id="1484" class="wp-image-1484" src="https://ficedula.pl/wp-content/uploads/2024/03/IMG_20240224_120625-1024x768.jpg" alt="" /></a></figure>
</figure>



<p><strong>Konkurs plastyczny Moc drzew w oczyszczaniu powietrza”</strong> &#8211; konkurs dotyczący dobrych praktyk w ochronie powietrza oraz w ochronie środowiska przed śmieciami. Konkurs pozwoli uczniom samodzielnie zagłębić się w problematykę śmieci i zanieczyszczonego powietrza, przez co uczniowie zwiększą swoją świadomość i wzmocnią więź ze środowiskiem.</p>
<p><strong>W ramach projektu zostały opracowane i wydrukowane dwie broszury edukacyjne, nt. pozaprodukcyjnej funkcji lasu oraz prawidłowej segregacji śmieci.</strong></p>
<div id='gallery-1' class='gallery galleryid-1485 gallery-columns-2 gallery-size-thumbnail'><figure class='gallery-item'>
			<div class='gallery-icon landscape'>
				<a href='https://ficedula.pl/wp-content/uploads/2025/02/Razem-dla-czystego-jutra-1-scaled.jpg'><img loading="lazy" decoding="async" width="150" height="150" src="https://ficedula.pl/wp-content/uploads/2025/02/Razem-dla-czystego-jutra-1-150x150.jpg" class="attachment-thumbnail size-thumbnail" alt="" srcset="https://ficedula.pl/wp-content/uploads/2025/02/Razem-dla-czystego-jutra-1-150x150.jpg 150w, https://ficedula.pl/wp-content/uploads/2025/02/Razem-dla-czystego-jutra-1-250x250.jpg 250w" sizes="auto, 100vw" /></a>
			</div></figure><figure class='gallery-item'>
			<div class='gallery-icon landscape'>
				<a href='https://ficedula.pl/wp-content/uploads/2025/02/Razem-dla-czystego-jutra-2-scaled.jpg'><img loading="lazy" decoding="async" width="150" height="150" src="https://ficedula.pl/wp-content/uploads/2025/02/Razem-dla-czystego-jutra-2-150x150.jpg" class="attachment-thumbnail size-thumbnail" alt="" srcset="https://ficedula.pl/wp-content/uploads/2025/02/Razem-dla-czystego-jutra-2-150x150.jpg 150w, https://ficedula.pl/wp-content/uploads/2025/02/Razem-dla-czystego-jutra-2-250x250.jpg 250w" sizes="auto, 100vw" /></a>
			</div></figure>
		</div>




<p>Projekt współfinansowany ze środków Gminy Starachowice i Stowarzyszenia Ficedula.</p>



<p style="font-size: 12px;">Termin realizacji: 20.02.2024-31.12.2024</p>



<p>&nbsp;</p>

<p>Zadanie: Podniesienie świadomości ekologicznej mieszkańców Starachowic. Celem głównym zadania &#8220;Razem dla czystego jutra&#8221; jest zwiększenie świadomości społecznej na temat problemu zanieczyszczenia środowiska przez śmieci i zanieczyszczone powietrze oraz promowanie działań proekologicznych, rozwijanie świadomości przyrodniczej i ekologicznej wśród dzieci, młodzieży oraz całych rodzin z dziećmi z Gminy Starachowice. Realizacja zadania polegać będzie na trzech aktywnościach, odbywających &hellip; </p>
<p class="link-more"><a href="https://ficedula.pl/index.php/razem-dla-czystego-jutra/" class="more-link">Czytaj dalej<span class="screen-reader-text"> „Razem dla czystego jutra”</span></a></p>
