{"id":1650,"date":"2025-02-01T16:36:32","date_gmt":"2025-02-01T15:36:32","guid":{"rendered":"https:\/\/ficedula.pl\/?page_id=1650"},"modified":"2025-02-01T19:09:30","modified_gmt":"2025-02-01T18:09:30","slug":"las-blizej-nas","status":"publish","type":"page","link":"https:\/\/ficedula.pl\/index.php\/las-blizej-nas\/","title":{"rendered":"Las bli\u017cej nas"},"content":{"rendered":"<p><em>Zadanie: Upowszechnienie w\u015br\u00f3d dzieci i m\u0142odzie\u017cy wiedzy na temat bezpiecze\u0144stwa w lesie i w kontakcie z dzikimi zwierz\u0119tami, kszta\u0142towanie w\u0142a\u015bciwych zachowa\u0144 w stosunku do dzikich zwierz\u0105t. <\/em><\/p>\r\n<p><strong>Celem g\u0142\u00f3wnym zadania &#8220;Las bli\u017cej nas&#8221; jest wzrost wiedzy przyrodniczej oraz \u015bwiadomo\u015bci ekologicznej w\u015br\u00f3d dzieci i m\u0142odzie\u017cy z Gminy Wadowice. <\/strong><\/p>\r\n<p>Realizacja zadania polega\u0107 b\u0119dzie na podj\u0119ciu trzech aktywno\u015bciach, odbywaj\u0105cych si\u0119 w formie kameralnej i terenowej.<\/p>\r\n<p><strong>Warsztaty edukacyjne w szko\u0142ach i przedszkolach<\/strong> &#8211; podczas warsztat\u00f3w edukacyjnych w szko\u0142ach i przedszkolach zostanie om\u00f3wiona tematyka bezpiecze\u0144stwa w lesie i w kontakcie z dzikimi zwierz\u0119tami oraz w\u0142a\u015bciwe zachowania w stosunku do dzikich zwierz\u0105t. Om\u00f3wimy zagro\u017cenia, kt\u00f3re mog\u0105 powodowa\u0107 dzikie zwierz\u0119ta dla ludzi oraz zagro\u017cenia, jakie nios\u0105 dla dzikich zwierz\u0105t zachowania cz\u0142owieka. Dodatkowo porozmawiamy, czy naprawd\u0119 istnieje i jak du\u017ce jest realne zagro\u017cenie ze strony wilk\u00f3w, podejmuj\u0105c z uczestnikami warsztat\u00f3w dialog oparty na faktach naukowych i terenowych do\u015bwiadczeniach.<\/p>\r\n<div id='gallery-1' class='gallery galleryid-1650 gallery-columns-2 gallery-size-thumbnail'><figure class='gallery-item'>\n\t\t\t<div class='gallery-icon landscape'>\n\t\t\t\t<a href='https:\/\/ficedula.pl\/wp-content\/uploads\/2025\/02\/Las-blizej-nas-Warsztaty-dla-najmlodszych-scaled-e1738431066861.jpg'><img loading=\"lazy\" decoding=\"async\" width=\"150\" height=\"150\" src=\"https:\/\/ficedula.pl\/wp-content\/uploads\/2025\/02\/Las-blizej-nas-Warsztaty-dla-najmlodszych-150x150.jpg\" class=\"attachment-thumbnail size-thumbnail\" alt=\"\" aria-describedby=\"gallery-1-1706\" srcset=\"https:\/\/ficedula.pl\/wp-content\/uploads\/2025\/02\/Las-blizej-nas-Warsztaty-dla-najmlodszych-150x150.jpg 150w, https:\/\/ficedula.pl\/wp-content\/uploads\/2025\/02\/Las-blizej-nas-Warsztaty-dla-najmlodszych-250x250.jpg 250w\" sizes=\"auto, 100vw\" \/><\/a>\n\t\t\t<\/div>\n\t\t\t\t<figcaption class='wp-caption-text gallery-caption' id='gallery-1-1706'>\n\t\t\t\tNajm\u0142odsi sprawdzaj\u0105 co jedz\u0105 sowy\n\t\t\t\t<\/figcaption><\/figure><figure class='gallery-item'>\n\t\t\t<div class='gallery-icon landscape'>\n\t\t\t\t<a href='https:\/\/ficedula.pl\/wp-content\/uploads\/2025\/02\/Las-blizej-nas-Warsztaty-o-sowach-scaled-e1738431081367.jpg'><img loading=\"lazy\" decoding=\"async\" width=\"150\" height=\"150\" src=\"https:\/\/ficedula.pl\/wp-content\/uploads\/2025\/02\/Las-blizej-nas-Warsztaty-o-sowach-150x150.jpg\" class=\"attachment-thumbnail size-thumbnail\" alt=\"\" aria-describedby=\"gallery-1-1707\" srcset=\"https:\/\/ficedula.pl\/wp-content\/uploads\/2025\/02\/Las-blizej-nas-Warsztaty-o-sowach-150x150.jpg 150w, https:\/\/ficedula.pl\/wp-content\/uploads\/2025\/02\/Las-blizej-nas-Warsztaty-o-sowach-250x250.jpg 250w\" sizes=\"auto, 100vw\" \/><\/a>\n\t\t\t<\/div>\n\t\t\t\t<figcaption class='wp-caption-text gallery-caption' id='gallery-1-1707'>\n\t\t\t\tWarsztaty o sowach dla najm\u0142odszych\n\t\t\t\t<\/figcaption><\/figure>\n\t\t<\/div>\n\r\n<p><strong> Spacery przyrodnicze<\/strong> &#8211; Nic tak nie pomaga w poznaniu przyrody, jak wyj\u015bcie do lasu i bezpo\u015brednie jej do\u015bwiadczanie. Aktywno\u015b\u0107 polega\u0107 b\u0119dzie na spacerach w miejscach ciekawych przyrodniczo na terenie gminy Wadowice (okoliczne lasy i parki). Zostan\u0105 om\u00f3wione prawid\u0142owe zasady poruszania si\u0119 po lesie, zasady podgl\u0105dania dzikiej przyrody &#8211; bez szkody dla mieszka\u0144c\u00f3w lasu. \u00a0<\/p>\r\n<div id='gallery-2' class='gallery galleryid-1650 gallery-columns-2 gallery-size-thumbnail'><figure class='gallery-item'>\n\t\t\t<div class='gallery-icon landscape'>\n\t\t\t\t<a href='https:\/\/ficedula.pl\/wp-content\/uploads\/2025\/02\/Las-blizej-nas-Lesna-kapiel-scaled-e1738431324302.jpg'><img loading=\"lazy\" decoding=\"async\" width=\"150\" height=\"150\" src=\"https:\/\/ficedula.pl\/wp-content\/uploads\/2025\/02\/Las-blizej-nas-Lesna-kapiel-150x150.jpg\" class=\"attachment-thumbnail size-thumbnail\" alt=\"\" aria-describedby=\"gallery-2-1711\" srcset=\"https:\/\/ficedula.pl\/wp-content\/uploads\/2025\/02\/Las-blizej-nas-Lesna-kapiel-150x150.jpg 150w, https:\/\/ficedula.pl\/wp-content\/uploads\/2025\/02\/Las-blizej-nas-Lesna-kapiel-250x250.jpg 250w\" sizes=\"auto, 100vw\" \/><\/a>\n\t\t\t<\/div>\n\t\t\t\t<figcaption class='wp-caption-text gallery-caption' id='gallery-2-1711'>\n\t\t\t\tLe\u015bna k\u0105piel\n\t\t\t\t<\/figcaption><\/figure><figure class='gallery-item'>\n\t\t\t<div class='gallery-icon landscape'>\n\t\t\t\t<a href='https:\/\/ficedula.pl\/wp-content\/uploads\/2025\/02\/Las-blizej-nas-Odkrywanie-przyrody-wiosna-scaled-e1738431335629.jpg'><img loading=\"lazy\" decoding=\"async\" width=\"150\" height=\"150\" src=\"https:\/\/ficedula.pl\/wp-content\/uploads\/2025\/02\/Las-blizej-nas-Odkrywanie-przyrody-wiosna-150x150.jpg\" class=\"attachment-thumbnail size-thumbnail\" alt=\"\" aria-describedby=\"gallery-2-1712\" srcset=\"https:\/\/ficedula.pl\/wp-content\/uploads\/2025\/02\/Las-blizej-nas-Odkrywanie-przyrody-wiosna-150x150.jpg 150w, https:\/\/ficedula.pl\/wp-content\/uploads\/2025\/02\/Las-blizej-nas-Odkrywanie-przyrody-wiosna-250x250.jpg 250w\" sizes=\"auto, 100vw\" \/><\/a>\n\t\t\t<\/div>\n\t\t\t\t<figcaption class='wp-caption-text gallery-caption' id='gallery-2-1712'>\n\t\t\t\tOdkrywanie przyrody wczesn\u0105 wiosn\u0105\n\t\t\t\t<\/figcaption><\/figure>\n\t\t<\/div>\n\r\n<p><strong>Konkurs<\/strong><strong>\u00a0plastyczny &#8220;Przyroda gminy Wadowice&#8221; <\/strong>dedykowany uczniom klas 1-3 szk\u00f3\u0142 podstawowych z gminy Wadowice, dotycz\u0105cy przyrody gminy Wadowice. Celem konkursu jest zaciekawienie i zainspirowanie m\u0142odych mieszka\u0144c\u00f3w gminy Wadowice lokaln\u0105 przyrod\u0105. Konkurs rozbudzi wyobra\u017ani\u0119 i pobudzi kreatywno\u015b\u0107, przez co budowana zostanie wi\u0119\u017a m\u0142odych wadowiczan z przyrod\u0105 i szacunek do natury. Projekt wsp\u00f3\u0142finansowany ze \u015brodk\u00f3w Gminy Wadowice i Stowarzyszenia Ficedula.<\/p>\r\n<p>Zwyci\u0119skie prace plastyczne:<\/p>\r\n<div id='gallery-3' class='gallery galleryid-1650 gallery-columns-3 gallery-size-thumbnail'><figure class='gallery-item'>\n\t\t\t<div class='gallery-icon landscape'>\n\t\t\t\t<a href='https:\/\/ficedula.pl\/wp-content\/uploads\/2025\/02\/Miejsce-1.jpg'><img loading=\"lazy\" decoding=\"async\" width=\"150\" height=\"150\" src=\"https:\/\/ficedula.pl\/wp-content\/uploads\/2025\/02\/Miejsce-1-150x150.jpg\" class=\"attachment-thumbnail size-thumbnail\" alt=\"\" aria-describedby=\"gallery-3-1717\" srcset=\"https:\/\/ficedula.pl\/wp-content\/uploads\/2025\/02\/Miejsce-1-150x150.jpg 150w, https:\/\/ficedula.pl\/wp-content\/uploads\/2025\/02\/Miejsce-1-250x250.jpg 250w\" sizes=\"auto, 100vw\" \/><\/a>\n\t\t\t<\/div>\n\t\t\t\t<figcaption class='wp-caption-text gallery-caption' id='gallery-3-1717'>\n\t\t\t\t1 miejsce: \u201eKopiec Adama Mickiewicza w Wadowickim Parku Miejskim\u201d &#8211; Oliwier \n\t\t\t\t<\/figcaption><\/figure><figure class='gallery-item'>\n\t\t\t<div class='gallery-icon landscape'>\n\t\t\t\t<a href='https:\/\/ficedula.pl\/wp-content\/uploads\/2025\/02\/Miejsce-2.jpg'><img loading=\"lazy\" decoding=\"async\" width=\"150\" height=\"150\" src=\"https:\/\/ficedula.pl\/wp-content\/uploads\/2025\/02\/Miejsce-2-150x150.jpg\" class=\"attachment-thumbnail size-thumbnail\" alt=\"\" aria-describedby=\"gallery-3-1716\" srcset=\"https:\/\/ficedula.pl\/wp-content\/uploads\/2025\/02\/Miejsce-2-150x150.jpg 150w, https:\/\/ficedula.pl\/wp-content\/uploads\/2025\/02\/Miejsce-2-250x250.jpg 250w\" sizes=\"auto, 100vw\" \/><\/a>\n\t\t\t<\/div>\n\t\t\t\t<figcaption class='wp-caption-text gallery-caption' id='gallery-3-1716'>\n\t\t\t\t2 miejsce: \u201eKsi\u0119\u017cy Las\u201d &#8211; Antonina \n\t\t\t\t<\/figcaption><\/figure><figure class='gallery-item'>\n\t\t\t<div class='gallery-icon landscape'>\n\t\t\t\t<a href='https:\/\/ficedula.pl\/wp-content\/uploads\/2025\/02\/Miejsce-3.jpg'><img loading=\"lazy\" decoding=\"async\" width=\"150\" height=\"150\" src=\"https:\/\/ficedula.pl\/wp-content\/uploads\/2025\/02\/Miejsce-3-150x150.jpg\" class=\"attachment-thumbnail size-thumbnail\" alt=\"\" aria-describedby=\"gallery-3-1715\" srcset=\"https:\/\/ficedula.pl\/wp-content\/uploads\/2025\/02\/Miejsce-3-150x150.jpg 150w, https:\/\/ficedula.pl\/wp-content\/uploads\/2025\/02\/Miejsce-3-250x250.jpg 250w\" sizes=\"auto, 100vw\" \/><\/a>\n\t\t\t<\/div>\n\t\t\t\t<figcaption class='wp-caption-text gallery-caption' id='gallery-3-1715'>\n\t\t\t\t3 miejsce: \u201eG\u00f3ry, g\u00f3rki i pag\u00f3rki w Gminie Wadowice\u201d \u2013 Aleksandra\n\t\t\t\t<\/figcaption><\/figure>\n\t\t<\/div>\n\r\n<!-- \/wp:post-content -->\r\n\r\n<!-- wp:paragraph {\"style\":{\"typography\":{\"fontSize\":\"12px\"}}} -->\r\n<p>Projekt wsp\u00f3\u0142finansowany ze \u015brodk\u00f3w Gminy Wadowice i Stowarzyszenia Ficedula.<\/p>\r\n<p style=\"font-size: 12px;\">Termin realizacji: 15.02.2024-31.12.2024<\/p>","protected":false},"excerpt":{"rendered":"<p>Zadanie: Upowszechnienie w\u015br\u00f3d dzieci i m\u0142odzie\u017cy wiedzy na temat bezpiecze\u0144stwa w lesie i w kontakcie z dzikimi zwierz\u0119tami, kszta\u0142towanie w\u0142a\u015bciwych zachowa\u0144 w stosunku do dzikich zwierz\u0105t. Celem g\u0142\u00f3wnym zadania &#8220;Las bli\u017cej nas&#8221; jest wzrost wiedzy przyrodniczej oraz \u015bwiadomo\u015bci ekologicznej w\u015br\u00f3d dzieci i m\u0142odzie\u017cy z Gminy Wadowice. Realizacja zadania polega\u0107 b\u0119dzie na podj\u0119ciu trzech aktywno\u015bciach, odbywaj\u0105cych &hellip; <\/p>\n<p class=\"link-more\"><a href=\"https:\/\/ficedula.pl\/index.php\/las-blizej-nas\/\" class=\"more-link\">Czytaj dalej<span class=\"screen-reader-text\"> \u201eLas bli\u017cej nas\u201d<\/span><\/a><\/p>\n","protected":false},"author":2,"featured_media":0,"parent":0,"menu_order":0,"comment_status":"closed","ping_status":"closed","template":"","meta":{"footnotes":""},"class_list":["post-1650","page","type-page","status-publish","hentry"],"_links":{"self":[{"href":"https:\/\/ficedula.pl\/index.php\/wp-json\/wp\/v2\/pages\/1650","targetHints":{"allow":["GET"]}}],"collection":[{"href":"https:\/\/ficedula.pl\/index.php\/wp-json\/wp\/v2\/pages"}],"about":[{"href":"https:\/\/ficedula.pl\/index.php\/wp-json\/wp\/v2\/types\/page"}],"author":[{"embeddable":true,"href":"https:\/\/ficedula.pl\/index.php\/wp-json\/wp\/v2\/users\/2"}],"replies":[{"embeddable":true,"href":"https:\/\/ficedula.pl\/index.php\/wp-json\/wp\/v2\/comments?post=1650"}],"version-history":[{"count":7,"href":"https:\/\/ficedula.pl\/index.php\/wp-json\/wp\/v2\/pages\/1650\/revisions"}],"predecessor-version":[{"id":1748,"href":"https:\/\/ficedula.pl\/index.php\/wp-json\/wp\/v2\/pages\/1650\/revisions\/1748"}],"wp:attachment":[{"href":"https:\/\/ficedula.pl\/index.php\/wp-json\/wp\/v2\/media?parent=1650"}],"curies":[{"name":"wp","href":"https:\/\/api.w.org\/{rel}","templated":true}]}}

Las bliżej nas

<p><em>Zadanie: Upowszechnienie wśród dzieci i młodzieży wiedzy na temat bezpieczeństwa w lesie i w kontakcie z dzikimi zwierzętami, kształtowanie właściwych zachowań w stosunku do dzikich zwierząt. </em></p>
<p><strong>Celem głównym zadania &#8220;Las bliżej nas&#8221; jest wzrost wiedzy przyrodniczej oraz świadomości ekologicznej wśród dzieci i młodzieży z Gminy Wadowice. </strong></p>
<p>Realizacja zadania polegać będzie na podjęciu trzech aktywnościach, odbywających się w formie kameralnej i terenowej.</p>
<p><strong>Warsztaty edukacyjne w szkołach i przedszkolach</strong> &#8211; podczas warsztatów edukacyjnych w szkołach i przedszkolach zostanie omówiona tematyka bezpieczeństwa w lesie i w kontakcie z dzikimi zwierzętami oraz właściwe zachowania w stosunku do dzikich zwierząt. Omówimy zagrożenia, które mogą powodować dzikie zwierzęta dla ludzi oraz zagrożenia, jakie niosą dla dzikich zwierząt zachowania człowieka. Dodatkowo porozmawiamy, czy naprawdę istnieje i jak duże jest realne zagrożenie ze strony wilków, podejmując z uczestnikami warsztatów dialog oparty na faktach naukowych i terenowych doświadczeniach.</p>
<div id='gallery-1' class='gallery galleryid-1650 gallery-columns-2 gallery-size-thumbnail'><figure class='gallery-item'>
			<div class='gallery-icon landscape'>
				<a href='https://ficedula.pl/wp-content/uploads/2025/02/Las-blizej-nas-Warsztaty-dla-najmlodszych-scaled-e1738431066861.jpg'><img loading="lazy" decoding="async" width="150" height="150" src="https://ficedula.pl/wp-content/uploads/2025/02/Las-blizej-nas-Warsztaty-dla-najmlodszych-150x150.jpg" class="attachment-thumbnail size-thumbnail" alt="" aria-describedby="gallery-1-1706" srcset="https://ficedula.pl/wp-content/uploads/2025/02/Las-blizej-nas-Warsztaty-dla-najmlodszych-150x150.jpg 150w, https://ficedula.pl/wp-content/uploads/2025/02/Las-blizej-nas-Warsztaty-dla-najmlodszych-250x250.jpg 250w" sizes="auto, 100vw" /></a>
			</div>
				<figcaption class='wp-caption-text gallery-caption' id='gallery-1-1706'>
				Najmłodsi sprawdzają co jedzą sowy
				</figcaption></figure><figure class='gallery-item'>
			<div class='gallery-icon landscape'>
				<a href='https://ficedula.pl/wp-content/uploads/2025/02/Las-blizej-nas-Warsztaty-o-sowach-scaled-e1738431081367.jpg'><img loading="lazy" decoding="async" width="150" height="150" src="https://ficedula.pl/wp-content/uploads/2025/02/Las-blizej-nas-Warsztaty-o-sowach-150x150.jpg" class="attachment-thumbnail size-thumbnail" alt="" aria-describedby="gallery-1-1707" srcset="https://ficedula.pl/wp-content/uploads/2025/02/Las-blizej-nas-Warsztaty-o-sowach-150x150.jpg 150w, https://ficedula.pl/wp-content/uploads/2025/02/Las-blizej-nas-Warsztaty-o-sowach-250x250.jpg 250w" sizes="auto, 100vw" /></a>
			</div>
				<figcaption class='wp-caption-text gallery-caption' id='gallery-1-1707'>
				Warsztaty o sowach dla najmłodszych
				</figcaption></figure>
		</div>

<p><strong> Spacery przyrodnicze</strong> &#8211; Nic tak nie pomaga w poznaniu przyrody, jak wyjście do lasu i bezpośrednie jej doświadczanie. Aktywność polegać będzie na spacerach w miejscach ciekawych przyrodniczo na terenie gminy Wadowice (okoliczne lasy i parki). Zostaną omówione prawidłowe zasady poruszania się po lesie, zasady podglądania dzikiej przyrody &#8211; bez szkody dla mieszkańców lasu.  </p>
<div id='gallery-2' class='gallery galleryid-1650 gallery-columns-2 gallery-size-thumbnail'><figure class='gallery-item'>
			<div class='gallery-icon landscape'>
				<a href='https://ficedula.pl/wp-content/uploads/2025/02/Las-blizej-nas-Lesna-kapiel-scaled-e1738431324302.jpg'><img loading="lazy" decoding="async" width="150" height="150" src="https://ficedula.pl/wp-content/uploads/2025/02/Las-blizej-nas-Lesna-kapiel-150x150.jpg" class="attachment-thumbnail size-thumbnail" alt="" aria-describedby="gallery-2-1711" srcset="https://ficedula.pl/wp-content/uploads/2025/02/Las-blizej-nas-Lesna-kapiel-150x150.jpg 150w, https://ficedula.pl/wp-content/uploads/2025/02/Las-blizej-nas-Lesna-kapiel-250x250.jpg 250w" sizes="auto, 100vw" /></a>
			</div>
				<figcaption class='wp-caption-text gallery-caption' id='gallery-2-1711'>
				Leśna kąpiel
				</figcaption></figure><figure class='gallery-item'>
			<div class='gallery-icon landscape'>
				<a href='https://ficedula.pl/wp-content/uploads/2025/02/Las-blizej-nas-Odkrywanie-przyrody-wiosna-scaled-e1738431335629.jpg'><img loading="lazy" decoding="async" width="150" height="150" src="https://ficedula.pl/wp-content/uploads/2025/02/Las-blizej-nas-Odkrywanie-przyrody-wiosna-150x150.jpg" class="attachment-thumbnail size-thumbnail" alt="" aria-describedby="gallery-2-1712" srcset="https://ficedula.pl/wp-content/uploads/2025/02/Las-blizej-nas-Odkrywanie-przyrody-wiosna-150x150.jpg 150w, https://ficedula.pl/wp-content/uploads/2025/02/Las-blizej-nas-Odkrywanie-przyrody-wiosna-250x250.jpg 250w" sizes="auto, 100vw" /></a>
			</div>
				<figcaption class='wp-caption-text gallery-caption' id='gallery-2-1712'>
				Odkrywanie przyrody wczesną wiosną
				</figcaption></figure>
		</div>

<p><strong>Konkurs</strong><strong> plastyczny &#8220;Przyroda gminy Wadowice&#8221; </strong>dedykowany uczniom klas 1-3 szkół podstawowych z gminy Wadowice, dotyczący przyrody gminy Wadowice. Celem konkursu jest zaciekawienie i zainspirowanie młodych mieszkańców gminy Wadowice lokalną przyrodą. Konkurs rozbudzi wyobraźnię i pobudzi kreatywność, przez co budowana zostanie więź młodych wadowiczan z przyrodą i szacunek do natury. Projekt współfinansowany ze środków Gminy Wadowice i Stowarzyszenia Ficedula.</p>
<p>Zwycięskie prace plastyczne:</p>
<div id='gallery-3' class='gallery galleryid-1650 gallery-columns-3 gallery-size-thumbnail'><figure class='gallery-item'>
			<div class='gallery-icon landscape'>
				<a href='https://ficedula.pl/wp-content/uploads/2025/02/Miejsce-1.jpg'><img loading="lazy" decoding="async" width="150" height="150" src="https://ficedula.pl/wp-content/uploads/2025/02/Miejsce-1-150x150.jpg" class="attachment-thumbnail size-thumbnail" alt="" aria-describedby="gallery-3-1717" srcset="https://ficedula.pl/wp-content/uploads/2025/02/Miejsce-1-150x150.jpg 150w, https://ficedula.pl/wp-content/uploads/2025/02/Miejsce-1-250x250.jpg 250w" sizes="auto, 100vw" /></a>
			</div>
				<figcaption class='wp-caption-text gallery-caption' id='gallery-3-1717'>
				1 miejsce: „Kopiec Adama Mickiewicza w Wadowickim Parku Miejskim” &#8211; Oliwier 
				</figcaption></figure><figure class='gallery-item'>
			<div class='gallery-icon landscape'>
				<a href='https://ficedula.pl/wp-content/uploads/2025/02/Miejsce-2.jpg'><img loading="lazy" decoding="async" width="150" height="150" src="https://ficedula.pl/wp-content/uploads/2025/02/Miejsce-2-150x150.jpg" class="attachment-thumbnail size-thumbnail" alt="" aria-describedby="gallery-3-1716" srcset="https://ficedula.pl/wp-content/uploads/2025/02/Miejsce-2-150x150.jpg 150w, https://ficedula.pl/wp-content/uploads/2025/02/Miejsce-2-250x250.jpg 250w" sizes="auto, 100vw" /></a>
			</div>
				<figcaption class='wp-caption-text gallery-caption' id='gallery-3-1716'>
				2 miejsce: „Księży Las” &#8211; Antonina 
				</figcaption></figure><figure class='gallery-item'>
			<div class='gallery-icon landscape'>
				<a href='https://ficedula.pl/wp-content/uploads/2025/02/Miejsce-3.jpg'><img loading="lazy" decoding="async" width="150" height="150" src="https://ficedula.pl/wp-content/uploads/2025/02/Miejsce-3-150x150.jpg" class="attachment-thumbnail size-thumbnail" alt="" aria-describedby="gallery-3-1715" srcset="https://ficedula.pl/wp-content/uploads/2025/02/Miejsce-3-150x150.jpg 150w, https://ficedula.pl/wp-content/uploads/2025/02/Miejsce-3-250x250.jpg 250w" sizes="auto, 100vw" /></a>
			</div>
				<figcaption class='wp-caption-text gallery-caption' id='gallery-3-1715'>
				3 miejsce: „Góry, górki i pagórki w Gminie Wadowice” – Aleksandra
				</figcaption></figure>
		</div>

<!-- /wp:post-content -->

<!-- wp:paragraph {"style":{"typography":{"fontSize":"12px"}}} -->
<p>Projekt współfinansowany ze środków Gminy Wadowice i Stowarzyszenia Ficedula.</p>
<p style="font-size: 12px;">Termin realizacji: 15.02.2024-31.12.2024</p>

<p>Zadanie: Upowszechnienie wśród dzieci i młodzieży wiedzy na temat bezpieczeństwa w lesie i w kontakcie z dzikimi zwierzętami, kształtowanie właściwych zachowań w stosunku do dzikich zwierząt. Celem głównym zadania &#8220;Las bliżej nas&#8221; jest wzrost wiedzy przyrodniczej oraz świadomości ekologicznej wśród dzieci i młodzieży z Gminy Wadowice. Realizacja zadania polegać będzie na podjęciu trzech aktywnościach, odbywających &hellip; </p>
<p class="link-more"><a href="https://ficedula.pl/index.php/las-blizej-nas/" class="more-link">Czytaj dalej<span class="screen-reader-text"> „Las bliżej nas”</span></a></p>
