{"id":1653,"date":"2025-02-01T16:37:40","date_gmt":"2025-02-01T15:37:40","guid":{"rendered":"https:\/\/ficedula.pl\/?page_id=1653"},"modified":"2025-02-01T19:08:19","modified_gmt":"2025-02-01T18:08:19","slug":"woda-przyroda-i-ja-edycja-ii","status":"publish","type":"page","link":"https:\/\/ficedula.pl\/index.php\/woda-przyroda-i-ja-edycja-ii\/","title":{"rendered":"Woda, przyroda i ja &#8211; edycja II"},"content":{"rendered":"<p><em>Zadanie: Upowszechnienie w\u015br\u00f3d dzieci i m\u0142odzie\u017cy wiedzy na temat najbli\u017cej zlokalizowanych chronionych obszar\u00f3w przyrodniczych oraz ekologicznych zachowa\u0144 w zakresie ochrony rzek i naturalnych siedlisk wodnych, u\u015bwiadomienie post\u0119puj\u0105cych niekorzystnych zmian wynikaj\u0105cych z dzia\u0142alno\u015bci cz\u0142owieka oraz upowszechnianie znaczenia ma\u0142ej retencji.<\/em><\/p>\r\n<p><strong>Celem g\u0142\u00f3wnym projektu jest wzrost wiedzy przyrodniczej o wodzie oraz \u015bwiadomo\u015bci ekologicznej o \u015brodowisku wodnym w\u015br\u00f3d dzieci, m\u0142odzie\u017cy oraz ca\u0142ych rodzin z dzie\u0107mi z Gminy Wadowice. <\/strong><\/p>\r\n<p>Realizacja zadania polega\u0107 b\u0119dzie na trzech aktywno\u015bciach, odbywaj\u0105cych si\u0119 w formie kameralnej i terenowej, oraz on-line.<\/p>\r\n<p><strong>Warsztaty edukacyjne<\/strong> &#8211; dedykowane dzieciom w wieku przedszkolnym oraz uczniom ze szk\u00f3\u0142 podstawowych. Podczas warsztat\u00f3w zostanie om\u00f3wiona tematyka obszar\u00f3w chronionych w najbli\u017cej okolicy Wadowic oraz poprawnych zachowa\u0144 w zakresie ochrony rzek i siedlisk wodnych, jak r\u00f3wnie\u017c wp\u0142yw cz\u0142owieka na \u015brodowisko. Uczestnicy przyjrz\u0105 si\u0119 wodzie pod lup\u0105, przyjrz\u0105 si\u0119 mieszka\u0144com \u015brodowiska wodnego oraz poznaj\u0105 ich znaczenie w przyrodzie.<\/p>\r\n<div id='gallery-1' class='gallery galleryid-1653 gallery-columns-2 gallery-size-thumbnail'><figure class='gallery-item'>\n\t\t\t<div class='gallery-icon landscape'>\n\t\t\t\t<a href='https:\/\/ficedula.pl\/wp-content\/uploads\/2025\/02\/Warszataty-poznawanie-mieszkancow-wody-scaled-e1738432652420.jpg'><img loading=\"lazy\" decoding=\"async\" width=\"150\" height=\"150\" src=\"https:\/\/ficedula.pl\/wp-content\/uploads\/2025\/02\/Warszataty-poznawanie-mieszkancow-wody-150x150.jpg\" class=\"attachment-thumbnail size-thumbnail\" alt=\"\" aria-describedby=\"gallery-1-1735\" srcset=\"https:\/\/ficedula.pl\/wp-content\/uploads\/2025\/02\/Warszataty-poznawanie-mieszkancow-wody-150x150.jpg 150w, https:\/\/ficedula.pl\/wp-content\/uploads\/2025\/02\/Warszataty-poznawanie-mieszkancow-wody-250x250.jpg 250w\" sizes=\"auto, 100vw\" \/><\/a>\n\t\t\t<\/div>\n\t\t\t\t<figcaption class='wp-caption-text gallery-caption' id='gallery-1-1735'>\n\t\t\t\tPoznawanie mieszka\u0144c\u00f3w w\u00f3d\n\t\t\t\t<\/figcaption><\/figure><figure class='gallery-item'>\n\t\t\t<div class='gallery-icon landscape'>\n\t\t\t\t<a href='https:\/\/ficedula.pl\/wp-content\/uploads\/2025\/02\/Warszataty-poznawanie-mieszkancow-wod-scaled-e1738432664615.jpg'><img loading=\"lazy\" decoding=\"async\" width=\"150\" height=\"150\" src=\"https:\/\/ficedula.pl\/wp-content\/uploads\/2025\/02\/Warszataty-poznawanie-mieszkancow-wod-150x150.jpg\" class=\"attachment-thumbnail size-thumbnail\" alt=\"\" aria-describedby=\"gallery-1-1736\" srcset=\"https:\/\/ficedula.pl\/wp-content\/uploads\/2025\/02\/Warszataty-poznawanie-mieszkancow-wod-150x150.jpg 150w, https:\/\/ficedula.pl\/wp-content\/uploads\/2025\/02\/Warszataty-poznawanie-mieszkancow-wod-250x250.jpg 250w\" sizes=\"auto, 100vw\" \/><\/a>\n\t\t\t<\/div>\n\t\t\t\t<figcaption class='wp-caption-text gallery-caption' id='gallery-1-1736'>\n\t\t\t\tWarsztaty edukacyjne &#8211; odkrywanie co kryje w sobie woda\n\t\t\t\t<\/figcaption><\/figure>\n\t\t<\/div>\n\r\n<p>\u00a0<strong>Spacery przyrodnicze <\/strong>&#8211; podczas spacer\u00f3w przyrodniczych uczestnicy b\u0119d\u0105 porusza\u0107 si\u0119 z przyrodnikiem wzd\u0142u\u017c brzegu rzeki Skawy, poznaj\u0105c faun\u0119 i flor\u0119 \u015bci\u015ble powi\u0105zan\u0105 z siedliskiem wodnym. Uczestnicy dowiedz\u0105 si\u0119 dlaczego b\u00f3br jest sprzymierze\u0144cem cz\u0142owieka, pog\u0142\u0119bi\u0105 wiedz\u0119 na temat obszar\u00f3w chronionych ze szczeg\u00f3lnym uwzgl\u0119dnieniem obszaru Natura 2000 oraz Parku Krajobrazowego. Wskazane zostan\u0105 dzia\u0142ania cz\u0142owieka destrukcyjnie wp\u0142ywaj\u0105ce na rzek\u0119 i jednocze\u015bnie zostan\u0105 om\u00f3wione dobre praktyki ochrony wody i jej oszcz\u0119dzania.\u00a0<\/p>\r\n<div id='gallery-2' class='gallery galleryid-1653 gallery-columns-2 gallery-size-thumbnail'><figure class='gallery-item'>\n\t\t\t<div class='gallery-icon portrait'>\n\t\t\t\t<a href='https:\/\/ficedula.pl\/wp-content\/uploads\/2025\/02\/IMG_20240929_070255-scaled-e1738433170481.jpg'><img loading=\"lazy\" decoding=\"async\" width=\"150\" height=\"150\" src=\"https:\/\/ficedula.pl\/wp-content\/uploads\/2025\/02\/IMG_20240929_070255-150x150.jpg\" class=\"attachment-thumbnail size-thumbnail\" alt=\"\" aria-describedby=\"gallery-2-1745\" srcset=\"https:\/\/ficedula.pl\/wp-content\/uploads\/2025\/02\/IMG_20240929_070255-150x150.jpg 150w, https:\/\/ficedula.pl\/wp-content\/uploads\/2025\/02\/IMG_20240929_070255-250x250.jpg 250w\" sizes=\"auto, 100vw\" \/><\/a>\n\t\t\t<\/div>\n\t\t\t\t<figcaption class='wp-caption-text gallery-caption' id='gallery-2-1745'>\n\t\t\t\tSpacer przyrodniczy nie zawsze prowadzi \u0142atwymi \u015bcie\u017ckami\n\t\t\t\t<\/figcaption><\/figure><figure class='gallery-item'>\n\t\t\t<div class='gallery-icon portrait'>\n\t\t\t\t<a href='https:\/\/ficedula.pl\/wp-content\/uploads\/2025\/02\/IMG_20240928_105316-scaled-e1738433181574.jpg'><img loading=\"lazy\" decoding=\"async\" width=\"150\" height=\"150\" src=\"https:\/\/ficedula.pl\/wp-content\/uploads\/2025\/02\/IMG_20240928_105316-150x150.jpg\" class=\"attachment-thumbnail size-thumbnail\" alt=\"\" aria-describedby=\"gallery-2-1746\" srcset=\"https:\/\/ficedula.pl\/wp-content\/uploads\/2025\/02\/IMG_20240928_105316-150x150.jpg 150w, https:\/\/ficedula.pl\/wp-content\/uploads\/2025\/02\/IMG_20240928_105316-250x250.jpg 250w\" sizes=\"auto, 100vw\" \/><\/a>\n\t\t\t<\/div>\n\t\t\t\t<figcaption class='wp-caption-text gallery-caption' id='gallery-2-1746'>\n\t\t\t\tOdkrywanie trop\u00f3w le\u015bnych mieszka\u0144c\u00f3w\n\t\t\t\t<\/figcaption><\/figure>\n\t\t<\/div>\n\r\n<p><strong>Promocja projektu <\/strong>&#8211; zostan\u0105 opublikowane posty na Facebooku promuj\u0105ce wydarzenia projektowe, obszary chronione wok\u00f3\u0142 Wadowic oraz zr\u00f3wnowa\u017cone wykorzystanie wody. W ramach promocji zostanie wydana broszura informacyjna dotycz\u0105ca projektu, kt\u00f3ra zostanie rozdana uczestnikom warsztat\u00f3w oraz spacer\u00f3w przyrodniczych oraz udost\u0119pniona on-line. \u00a0 \u00a0 Projekt wsp\u00f3\u0142finansowany ze \u015brodk\u00f3w Gminy Wadowice i Stowarzyszenia Ficedula.<\/p>\r\n<p><strong>Broszura edukacyjna:<\/strong><\/p>\r\n<div id='gallery-3' class='gallery galleryid-1653 gallery-columns-2 gallery-size-thumbnail'><figure class='gallery-item'>\n\t\t\t<div class='gallery-icon portrait'>\n\t\t\t\t<a href='https:\/\/ficedula.pl\/wp-content\/uploads\/2025\/02\/broszura_pages-to-jpg-0001.jpg'><img loading=\"lazy\" decoding=\"async\" width=\"150\" height=\"150\" src=\"https:\/\/ficedula.pl\/wp-content\/uploads\/2025\/02\/broszura_pages-to-jpg-0001-150x150.jpg\" class=\"attachment-thumbnail size-thumbnail\" alt=\"\" aria-describedby=\"gallery-3-1741\" srcset=\"https:\/\/ficedula.pl\/wp-content\/uploads\/2025\/02\/broszura_pages-to-jpg-0001-150x150.jpg 150w, https:\/\/ficedula.pl\/wp-content\/uploads\/2025\/02\/broszura_pages-to-jpg-0001-250x250.jpg 250w\" sizes=\"auto, 100vw\" \/><\/a>\n\t\t\t<\/div>\n\t\t\t\t<figcaption class='wp-caption-text gallery-caption' id='gallery-3-1741'>\n\t\t\t\tBroszura edukacyjna 1\n\t\t\t\t<\/figcaption><\/figure><figure class='gallery-item'>\n\t\t\t<div class='gallery-icon portrait'>\n\t\t\t\t<a href='https:\/\/ficedula.pl\/wp-content\/uploads\/2025\/02\/broszura_pages-to-jpg-0002.jpg'><img loading=\"lazy\" decoding=\"async\" width=\"150\" height=\"150\" src=\"https:\/\/ficedula.pl\/wp-content\/uploads\/2025\/02\/broszura_pages-to-jpg-0002-150x150.jpg\" class=\"attachment-thumbnail size-thumbnail\" alt=\"\" aria-describedby=\"gallery-3-1742\" srcset=\"https:\/\/ficedula.pl\/wp-content\/uploads\/2025\/02\/broszura_pages-to-jpg-0002-150x150.jpg 150w, https:\/\/ficedula.pl\/wp-content\/uploads\/2025\/02\/broszura_pages-to-jpg-0002-250x250.jpg 250w\" sizes=\"auto, 100vw\" \/><\/a>\n\t\t\t<\/div>\n\t\t\t\t<figcaption class='wp-caption-text gallery-caption' id='gallery-3-1742'>\n\t\t\t\tBroszura edukacyjna 2\n\t\t\t\t<\/figcaption><\/figure>\n\t\t<\/div>\n\r\n<!-- \/wp:post-content -->\r\n\r\n<!-- wp:paragraph {\"style\":{\"typography\":{\"fontSize\":\"12px\"}}} -->\r\n<p>Projekt wsp\u00f3\u0142finansowany ze \u015brodk\u00f3w Gminy Wadowice i Stowarzyszenia Ficedula.<\/p>\r\n<p style=\"font-size: 12px;\">Termin realizacji: 15.02.2024-31.12.2024<\/p>","protected":false},"excerpt":{"rendered":"<p>Zadanie: Upowszechnienie w\u015br\u00f3d dzieci i m\u0142odzie\u017cy wiedzy na temat najbli\u017cej zlokalizowanych chronionych obszar\u00f3w przyrodniczych oraz ekologicznych zachowa\u0144 w zakresie ochrony rzek i naturalnych siedlisk wodnych, u\u015bwiadomienie post\u0119puj\u0105cych niekorzystnych zmian wynikaj\u0105cych z dzia\u0142alno\u015bci cz\u0142owieka oraz upowszechnianie znaczenia ma\u0142ej retencji. Celem g\u0142\u00f3wnym projektu jest wzrost wiedzy przyrodniczej o wodzie oraz \u015bwiadomo\u015bci ekologicznej o \u015brodowisku wodnym w\u015br\u00f3d dzieci, &hellip; <\/p>\n<p class=\"link-more\"><a href=\"https:\/\/ficedula.pl\/index.php\/woda-przyroda-i-ja-edycja-ii\/\" class=\"more-link\">Czytaj dalej<span class=\"screen-reader-text\"> \u201eWoda, przyroda i ja &#8211; edycja II\u201d<\/span><\/a><\/p>\n","protected":false},"author":2,"featured_media":0,"parent":0,"menu_order":0,"comment_status":"closed","ping_status":"closed","template":"","meta":{"footnotes":""},"class_list":["post-1653","page","type-page","status-publish","hentry"],"_links":{"self":[{"href":"https:\/\/ficedula.pl\/index.php\/wp-json\/wp\/v2\/pages\/1653","targetHints":{"allow":["GET"]}}],"collection":[{"href":"https:\/\/ficedula.pl\/index.php\/wp-json\/wp\/v2\/pages"}],"about":[{"href":"https:\/\/ficedula.pl\/index.php\/wp-json\/wp\/v2\/types\/page"}],"author":[{"embeddable":true,"href":"https:\/\/ficedula.pl\/index.php\/wp-json\/wp\/v2\/users\/2"}],"replies":[{"embeddable":true,"href":"https:\/\/ficedula.pl\/index.php\/wp-json\/wp\/v2\/comments?post=1653"}],"version-history":[{"count":8,"href":"https:\/\/ficedula.pl\/index.php\/wp-json\/wp\/v2\/pages\/1653\/revisions"}],"predecessor-version":[{"id":1747,"href":"https:\/\/ficedula.pl\/index.php\/wp-json\/wp\/v2\/pages\/1653\/revisions\/1747"}],"wp:attachment":[{"href":"https:\/\/ficedula.pl\/index.php\/wp-json\/wp\/v2\/media?parent=1653"}],"curies":[{"name":"wp","href":"https:\/\/api.w.org\/{rel}","templated":true}]}}