{"id":1690,"date":"2025-02-01T17:39:30","date_gmt":"2025-02-01T16:39:30","guid":{"rendered":"https:\/\/ficedula.pl\/?page_id=1690"},"modified":"2025-02-01T17:49:43","modified_gmt":"2025-02-01T16:49:43","slug":"uzaleznieni-od-przyrody-edycja-ii","status":"publish","type":"page","link":"https:\/\/ficedula.pl\/index.php\/uzaleznieni-od-przyrody-edycja-ii\/","title":{"rendered":"Uzale\u017cnieni od przyrody! &#8211; edycja II"},"content":{"rendered":"<p><em>Zadanie pt. \u201eUzale\u017cnieni od przyrody! &#8211; edycja II\u201d to cykl warsztat\u00f3w profilaktycznych opracowanych z psychologiem maj\u0105cych na celu przeciwdzia\u0142anie uzale\u017cnieniom i patologiom spo\u0142ecznym.<\/em><\/p>\r\n<p><strong>Motywem przewodnim aktywno\u015bci podejmowanych w ramach zadania jest obcowanie z przyrod\u0105. Czas sp\u0119dzony na \u0142onie natury pozytywnie wp\u0142ywa na samopoczucie, jednocze\u015bnie zmniejszaj\u0105c poczucie samotno\u015bci i przygn\u0119bienia. Projekt ma na celu wskazanie poznawania i czerpnia z przyrody jako alternatywnej formy sp\u0119dzania wolnego czasu. Obcowanie z przyrod\u0105, sp\u0119dzanie wolnego czasu na \u0142onie natury, stanowi lekarstwo na wiele dolegliwo\u015bci, takich jak depresja, stany nerwicowe. Dodatkowo, odkrywanie przyrody jest dla wielu m\u0142odych ludzi pasj\u0105 i aktywn\u0105 form\u0105 sp\u0119dzania wolnego czasu.<\/strong><\/p>\r\n<figure id=\"attachment_1695\" aria-describedby=\"caption-attachment-1695\" style=\"width: 300px\" class=\"wp-caption alignnone\"><a href=\"http:\/\/ficedula.pl\/wp-content\/uploads\/2025\/02\/dziela-e1738428468819.jpg\"><img loading=\"lazy\" decoding=\"async\" class=\"wp-image-1695 size-medium\" title=\"Uczestnicy i uczestniczki terenowych warsztat\u00f3w rozwijali swoj\u0105 kreatywno\u015b\u0107 (fot. Z. Wyka)\" src=\"http:\/\/ficedula.pl\/wp-content\/uploads\/2025\/02\/dziela-300x200.jpg\" alt=\"Uczestnicy i uczestniczki terenowych warsztat\u00f3w rozwijali swoj\u0105 kreatywno\u015b\u0107 (fot. Z. Wyka)\" width=\"300\" height=\"200\" \/><\/a><figcaption id=\"caption-attachment-1695\" class=\"wp-caption-text\">Uczestnicy i uczestniczki terenowych warsztat\u00f3w rozwijali swoj\u0105 kreatywno\u015b\u0107 (fot. Z. Wyka)<\/figcaption><\/figure>\r\n<p>W ramach zadania zostan\u0105 zrealizowane nast\u0119puj\u0105ce dzia\u0142ania:<\/p>\r\n<p><b>Profilaktyczne warsztaty przyrodnicze &#8211; <\/b>cz\u0119\u015b\u0107 przyrodnicza warsztat\u00f3w rozwija\u0107 b\u0119dzie kompetencje mi\u0119kkie, takie jak umiej\u0119tno\u015b\u0107 pracy w grupie, asertywno\u015b\u0107, dobre wychowanie i kreatywno\u015b\u0107. Uczestnicy warsztat\u00f3w podnios\u0105 wiedz\u0119 na temat lokalnej przyrody \u2013 przyrody las\u00f3w, \u0142\u0105k, rzek, miasta i wsi. Om\u00f3wione b\u0119d\u0105 gatunki ro\u015blin i zwierz\u0105t wyst\u0119puj\u0105ce na terenie gminy Nowa S\u0142upia. Warsztaty b\u0119d\u0105 przeprowadzone zar\u00f3wno w plac\u00f3wkach o\u015bwiatowych, o\u015brodku kultury, jak r\u00f3wnie\u017c w formie spotka\u0144 w terenie (m.in. Pasmo Jeleniowskie). Dodatkowo, podczas warsztat\u00f3w ka\u017cdorazowo b\u0119dzie omawiany wp\u0142yw narkotyk\u00f3w, dopalaczy, alkoholu, palenia papieros\u00f3w, innych u\u017cywek oraz uzale\u017cnie\u0144 behawioralnych na zdrowie i \u017cycie ludzi.\u00a0<\/p>\r\n<figure id=\"attachment_1696\" aria-describedby=\"caption-attachment-1696\" style=\"width: 300px\" class=\"wp-caption alignnone\"><a href=\"http:\/\/ficedula.pl\/wp-content\/uploads\/2025\/02\/tropy.jpg\"><img loading=\"lazy\" decoding=\"async\" class=\"wp-image-1696 size-medium\" src=\"http:\/\/ficedula.pl\/wp-content\/uploads\/2025\/02\/tropy-300x225.jpg\" alt=\"Spacer po Pa\u015bmie Jeleniowskim (fot. Z. Wyka)\" width=\"300\" height=\"225\" srcset=\"https:\/\/ficedula.pl\/wp-content\/uploads\/2025\/02\/tropy-300x225.jpg 300w, https:\/\/ficedula.pl\/wp-content\/uploads\/2025\/02\/tropy-1024x768.jpg 1024w, https:\/\/ficedula.pl\/wp-content\/uploads\/2025\/02\/tropy-768x576.jpg 768w, https:\/\/ficedula.pl\/wp-content\/uploads\/2025\/02\/tropy-1536x1152.jpg 1536w, https:\/\/ficedula.pl\/wp-content\/uploads\/2025\/02\/tropy.jpg 2048w\" sizes=\"auto, (max-width: 300px) 100vw, 300px\" \/><\/a><figcaption id=\"caption-attachment-1696\" class=\"wp-caption-text\">Spacer po Pa\u015bmie Jeleniowskim (fot. Z. Wyka)<\/figcaption><\/figure>\r\n<p>Aktywno\u015bci podejmowane w ramach zadania dedykowane s\u0105 uczniom szk\u00f3\u0142 podstawowych, rodzicom, nauczycielom oraz mieszka\u0144com Miasta i Gminy Nowa S\u0142upia.<\/p>\r\n<p>Projekt finansowany ze \u015brodk\u00f3w Gminy Nowa S\u0142upia.<\/p>\r\n<!-- \/wp:post-content -->\r\n\r\n<!-- wp:paragraph {\"style\":{\"typography\":{\"fontSize\":\"12px\"}}} -->\r\n\r\n<!-- wp:paragraph {\"style\":{\"typography\":{\"fontSize\":\"12px\"}}} -->\r\n<p style=\"font-size: 12px;\">Termin realizcji: 04.03.2023-01.06.2023<\/p>\r\n<!-- \/wp:paragraph -->","protected":false},"excerpt":{"rendered":"<p>Zadanie pt. \u201eUzale\u017cnieni od przyrody! &#8211; edycja II\u201d to cykl warsztat\u00f3w profilaktycznych opracowanych z psychologiem maj\u0105cych na celu przeciwdzia\u0142anie uzale\u017cnieniom i patologiom spo\u0142ecznym. Motywem przewodnim aktywno\u015bci podejmowanych w ramach zadania jest obcowanie z przyrod\u0105. Czas sp\u0119dzony na \u0142onie natury pozytywnie wp\u0142ywa na samopoczucie, jednocze\u015bnie zmniejszaj\u0105c poczucie samotno\u015bci i przygn\u0119bienia. Projekt ma na celu wskazanie poznawania &hellip; <\/p>\n<p class=\"link-more\"><a href=\"https:\/\/ficedula.pl\/index.php\/uzaleznieni-od-przyrody-edycja-ii\/\" class=\"more-link\">Czytaj dalej<span class=\"screen-reader-text\"> \u201eUzale\u017cnieni od przyrody! &#8211; edycja II\u201d<\/span><\/a><\/p>\n","protected":false},"author":2,"featured_media":0,"parent":0,"menu_order":0,"comment_status":"closed","ping_status":"closed","template":"","meta":{"footnotes":""},"class_list":["post-1690","page","type-page","status-publish","hentry"],"_links":{"self":[{"href":"https:\/\/ficedula.pl\/index.php\/wp-json\/wp\/v2\/pages\/1690","targetHints":{"allow":["GET"]}}],"collection":[{"href":"https:\/\/ficedula.pl\/index.php\/wp-json\/wp\/v2\/pages"}],"about":[{"href":"https:\/\/ficedula.pl\/index.php\/wp-json\/wp\/v2\/types\/page"}],"author":[{"embeddable":true,"href":"https:\/\/ficedula.pl\/index.php\/wp-json\/wp\/v2\/users\/2"}],"replies":[{"embeddable":true,"href":"https:\/\/ficedula.pl\/index.php\/wp-json\/wp\/v2\/comments?post=1690"}],"version-history":[{"count":4,"href":"https:\/\/ficedula.pl\/index.php\/wp-json\/wp\/v2\/pages\/1690\/revisions"}],"predecessor-version":[{"id":1697,"href":"https:\/\/ficedula.pl\/index.php\/wp-json\/wp\/v2\/pages\/1690\/revisions\/1697"}],"wp:attachment":[{"href":"https:\/\/ficedula.pl\/index.php\/wp-json\/wp\/v2\/media?parent=1690"}],"curies":[{"name":"wp","href":"https:\/\/api.w.org\/{rel}","templated":true}]}}

Uzależnieni od przyrody! &#8211; edycja II

<p><em>Zadanie pt. „Uzależnieni od przyrody! &#8211; edycja II” to cykl warsztatów profilaktycznych opracowanych z psychologiem mających na celu przeciwdziałanie uzależnieniom i patologiom społecznym.</em></p>
<p><strong>Motywem przewodnim aktywności podejmowanych w ramach zadania jest obcowanie z przyrodą. Czas spędzony na łonie natury pozytywnie wpływa na samopoczucie, jednocześnie zmniejszając poczucie samotności i przygnębienia. Projekt ma na celu wskazanie poznawania i czerpnia z przyrody jako alternatywnej formy spędzania wolnego czasu. Obcowanie z przyrodą, spędzanie wolnego czasu na łonie natury, stanowi lekarstwo na wiele dolegliwości, takich jak depresja, stany nerwicowe. Dodatkowo, odkrywanie przyrody jest dla wielu młodych ludzi pasją i aktywną formą spędzania wolnego czasu.</strong></p>
<figure id="attachment_1695" aria-describedby="caption-attachment-1695" style="width: 300px" class="wp-caption alignnone"><a href="http://ficedula.pl/wp-content/uploads/2025/02/dziela-e1738428468819.jpg"><img loading="lazy" decoding="async" class="wp-image-1695 size-medium" title="Uczestnicy i uczestniczki terenowych warsztatów rozwijali swoją kreatywność (fot. Z. Wyka)" src="http://ficedula.pl/wp-content/uploads/2025/02/dziela-300x200.jpg" alt="Uczestnicy i uczestniczki terenowych warsztatów rozwijali swoją kreatywność (fot. Z. Wyka)" width="300" height="200" /></a><figcaption id="caption-attachment-1695" class="wp-caption-text">Uczestnicy i uczestniczki terenowych warsztatów rozwijali swoją kreatywność (fot. Z. Wyka)</figcaption></figure>
<p>W ramach zadania zostaną zrealizowane następujące działania:</p>
<p><b>Profilaktyczne warsztaty przyrodnicze &#8211; </b>część przyrodnicza warsztatów rozwijać będzie kompetencje miękkie, takie jak umiejętność pracy w grupie, asertywność, dobre wychowanie i kreatywność. Uczestnicy warsztatów podniosą wiedzę na temat lokalnej przyrody – przyrody lasów, łąk, rzek, miasta i wsi. Omówione będą gatunki roślin i zwierząt występujące na terenie gminy Nowa Słupia. Warsztaty będą przeprowadzone zarówno w placówkach oświatowych, ośrodku kultury, jak również w formie spotkań w terenie (m.in. Pasmo Jeleniowskie). Dodatkowo, podczas warsztatów każdorazowo będzie omawiany wpływ narkotyków, dopalaczy, alkoholu, palenia papierosów, innych używek oraz uzależnień behawioralnych na zdrowie i życie ludzi. </p>
<figure id="attachment_1696" aria-describedby="caption-attachment-1696" style="width: 300px" class="wp-caption alignnone"><a href="http://ficedula.pl/wp-content/uploads/2025/02/tropy.jpg"><img loading="lazy" decoding="async" class="wp-image-1696 size-medium" src="http://ficedula.pl/wp-content/uploads/2025/02/tropy-300x225.jpg" alt="Spacer po Paśmie Jeleniowskim (fot. Z. Wyka)" width="300" height="225" srcset="https://ficedula.pl/wp-content/uploads/2025/02/tropy-300x225.jpg 300w, https://ficedula.pl/wp-content/uploads/2025/02/tropy-1024x768.jpg 1024w, https://ficedula.pl/wp-content/uploads/2025/02/tropy-768x576.jpg 768w, https://ficedula.pl/wp-content/uploads/2025/02/tropy-1536x1152.jpg 1536w, https://ficedula.pl/wp-content/uploads/2025/02/tropy.jpg 2048w" sizes="auto, (max-width: 300px) 100vw, 300px" /></a><figcaption id="caption-attachment-1696" class="wp-caption-text">Spacer po Paśmie Jeleniowskim (fot. Z. Wyka)</figcaption></figure>
<p>Aktywności podejmowane w ramach zadania dedykowane są uczniom szkół podstawowych, rodzicom, nauczycielom oraz mieszkańcom Miasta i Gminy Nowa Słupia.</p>
<p>Projekt finansowany ze środków Gminy Nowa Słupia.</p>
<!-- /wp:post-content -->

<!-- wp:paragraph {"style":{"typography":{"fontSize":"12px"}}} -->

<!-- wp:paragraph {"style":{"typography":{"fontSize":"12px"}}} -->
<p style="font-size: 12px;">Termin realizcji: 04.03.2023-01.06.2023</p>
<!-- /wp:paragraph -->

<p>Zadanie pt. „Uzależnieni od przyrody! &#8211; edycja II” to cykl warsztatów profilaktycznych opracowanych z psychologiem mających na celu przeciwdziałanie uzależnieniom i patologiom społecznym. Motywem przewodnim aktywności podejmowanych w ramach zadania jest obcowanie z przyrodą. Czas spędzony na łonie natury pozytywnie wpływa na samopoczucie, jednocześnie zmniejszając poczucie samotności i przygnębienia. Projekt ma na celu wskazanie poznawania &hellip; </p>
<p class="link-more"><a href="https://ficedula.pl/index.php/uzaleznieni-od-przyrody-edycja-ii/" class="more-link">Czytaj dalej<span class="screen-reader-text"> „Uzależnieni od przyrody! &#8211; edycja II”</span></a></p>
