{"id":1729,"date":"2025-02-01T18:53:54","date_gmt":"2025-02-01T17:53:54","guid":{"rendered":"https:\/\/ficedula.pl\/?page_id=1729"},"modified":"2025-02-01T19:38:39","modified_gmt":"2025-02-01T18:38:39","slug":"woda-przyroda-i-ja","status":"publish","type":"page","link":"https:\/\/ficedula.pl\/index.php\/woda-przyroda-i-ja\/","title":{"rendered":"Woda, przyroda i ja"},"content":{"rendered":"<p><em>Zadanie: Upowszechnienie w\u015br\u00f3d dzieci i m\u0142odzie\u017cy wiedzy na temat najbli\u017cej zlokalizowanych chronionych obszar\u00f3w przyrodniczych oraz ekologicznych zachowa\u0144 w zakresie ochrony rzek i naturalnych siedlisk wodnych, u\u015bwiadomienie post\u0119puj\u0105cych niekorzystnych zmian wynikaj\u0105cych z dzia\u0142alno\u015bci cz\u0142owieka oraz upowszechnianie znaczenia ma\u0142ej retencji.<\/em><\/p>\n<p><strong>Celem g\u0142\u00f3wnym zadania\u00a0 jest wzrost wiedzy przyrodniczej oraz \u015bwiadomo\u015bci ekologicznej w\u015br\u00f3d dzieci, m\u0142odzie\u017cy oraz ca\u0142ych rodzin z dzie\u0107mi z Gminy Wadowice. <\/strong><\/p>\n<p>Realizacja zadania polega\u0107 b\u0119dzie na dw\u00f3ch aktywno\u015bciach, odbywaj\u0105cych si\u0119 w formie kameralnej i terenowej.<\/p>\n<p><strong>Warsztaty edukacyjne<\/strong> &#8211; dla dzieci w wieku przedszkolnym oraz dzieci i m\u0142odzie\u017cy ze szk\u00f3\u0142 podstawowych. Podczas warsztat\u00f3w zostanie om\u00f3wiona tematyka obszar\u00f3w chronionych w najbli\u017cej okolicy Wadowic oraz poprawnych zachowa\u0144 w zakresie ochrony rzek i siedlisk wodnych, jak r\u00f3wnie\u017c wp\u0142yw cz\u0142owieka na \u015brodowisko. Uczestnicy poznaj\u0105 mieszka\u0144c\u00f3w \u015brodowiska wodnego oraz ich znaczenie w przyrodzie.<\/p>\n<p>&nbsp;<\/p>\n<figure id=\"attachment_1772\" aria-describedby=\"caption-attachment-1772\" style=\"width: 184px\" class=\"wp-caption alignnone\"><a href=\"http:\/\/ficedula.pl\/wp-content\/uploads\/2025\/02\/mikro-e1738435020398.jpg\"><img loading=\"lazy\" decoding=\"async\" class=\"wp-image-1772 size-medium\" title=\"Poznajemy wodny mikro\u015bwiat - warsztaty edukacyjne w Szkole Podstawowej nr 1 w Choczni (fot. Z. Wyka)\" src=\"http:\/\/ficedula.pl\/wp-content\/uploads\/2025\/02\/mikro-e1738435020398-184x300.jpg\" alt=\"Poznajemy wodny mikro\u015bwiat - warsztaty edukacyjne w Szkole Podstawowej nr 1 w Choczni (fot. Z. Wyka)\" width=\"184\" height=\"300\" srcset=\"https:\/\/ficedula.pl\/wp-content\/uploads\/2025\/02\/mikro-e1738435020398-184x300.jpg 184w, https:\/\/ficedula.pl\/wp-content\/uploads\/2025\/02\/mikro-e1738435020398.jpg 540w\" sizes=\"auto, (max-width: 184px) 100vw, 184px\" \/><\/a><figcaption id=\"caption-attachment-1772\" class=\"wp-caption-text\">Poznajemy wodny mikro\u015bwiat &#8211; warsztaty edukacyjne w Szkole Podstawowej nr 1 w Choczni (fot. Z. Wyka)<\/figcaption><\/figure>\n<p>&nbsp;<\/p>\n<p><strong>Spacery przyrodnicze<\/strong> &#8211; dla rodzin z dzie\u0107mi z Gminy Wadowice dolin\u0105 rzeki Skawy.\u00a0 Podczas spacer\u00f3w zostan\u0105 om\u00f3wione chronione obszary przyrodnicze po\u0142o\u017cone na terenie Gminy Wadowice (Obszar Natury 2000 Dolina Dolnej Skawy oraz Park Krajobrazowy Beskidu Ma\u0142ego), poruszona zostanie kwestia ma\u0142ej retencji oraz wp\u0142ywu cz\u0142owieka na rzek\u0119 Skaw\u0119 i \u015brodowisko wodne. Sp\u0119dzenie czasu po\u015br\u00f3d natury zniweluje deficyt kontaktu z natur\u0105 oraz pomo\u017ce zrozumie\u0107 zale\u017cno\u015bci pomi\u0119dzy r\u00f3\u017cnymi elementami przyrodniczymi zwi\u0105zanymi ze \u015brodowiskiem wodnym. Uczestnicy wzbogac\u0105 swoj\u0105 wiedz\u0119 przyrodnicz\u0105 oraz zostan\u0105 uwra\u017cliwieni na otaczaj\u0105c\u0105 przyrod\u0119.<\/p>\n<figure id=\"attachment_1770\" aria-describedby=\"caption-attachment-1770\" style=\"width: 300px\" class=\"wp-caption alignnone\"><a href=\"http:\/\/ficedula.pl\/wp-content\/uploads\/2025\/02\/woda_teren-e1738434858298.jpg\"><img loading=\"lazy\" decoding=\"async\" class=\"wp-image-1770 size-medium\" title=\"Podgl\u0105damy organizmy wy\u0142owione ze Skawy (fot. Z. Wyka)\" src=\"http:\/\/ficedula.pl\/wp-content\/uploads\/2025\/02\/woda_teren-300x225.jpg\" alt=\"Podgl\u0105damy organizmy wy\u0142owione ze Skawy (fot. Z. Wyka)\" width=\"300\" height=\"225\" \/><\/a><figcaption id=\"caption-attachment-1770\" class=\"wp-caption-text\">Podgl\u0105damy organizmy wy\u0142owione ze Skawy (fot. Z. Wyka)<\/figcaption><\/figure>\n<p>Projekt wsp\u00f3\u0142finansowany ze \u015brodk\u00f3w Gminy Wadowice i Stowarzyszenia Ficedula.<\/p>\n<p style=\"font-size: 12px;\">Termin realizacji: 15.02.2023-31.12.2023<\/p>\n<p>&nbsp;<\/p>\n<p>&nbsp;<\/p>\n","protected":false},"excerpt":{"rendered":"<p>Zadanie: Upowszechnienie w\u015br\u00f3d dzieci i m\u0142odzie\u017cy wiedzy na temat najbli\u017cej zlokalizowanych chronionych obszar\u00f3w przyrodniczych oraz ekologicznych zachowa\u0144 w zakresie ochrony rzek i naturalnych siedlisk wodnych, u\u015bwiadomienie post\u0119puj\u0105cych niekorzystnych zmian wynikaj\u0105cych z dzia\u0142alno\u015bci cz\u0142owieka oraz upowszechnianie znaczenia ma\u0142ej retencji. Celem g\u0142\u00f3wnym zadania\u00a0 jest wzrost wiedzy przyrodniczej oraz \u015bwiadomo\u015bci ekologicznej w\u015br\u00f3d dzieci, m\u0142odzie\u017cy oraz ca\u0142ych rodzin z &hellip; <\/p>\n<p class=\"link-more\"><a href=\"https:\/\/ficedula.pl\/index.php\/woda-przyroda-i-ja\/\" class=\"more-link\">Czytaj dalej<span class=\"screen-reader-text\"> \u201eWoda, przyroda i ja\u201d<\/span><\/a><\/p>\n","protected":false},"author":2,"featured_media":0,"parent":0,"menu_order":0,"comment_status":"closed","ping_status":"closed","template":"","meta":{"footnotes":""},"class_list":["post-1729","page","type-page","status-publish","hentry"],"_links":{"self":[{"href":"https:\/\/ficedula.pl\/index.php\/wp-json\/wp\/v2\/pages\/1729","targetHints":{"allow":["GET"]}}],"collection":[{"href":"https:\/\/ficedula.pl\/index.php\/wp-json\/wp\/v2\/pages"}],"about":[{"href":"https:\/\/ficedula.pl\/index.php\/wp-json\/wp\/v2\/types\/page"}],"author":[{"embeddable":true,"href":"https:\/\/ficedula.pl\/index.php\/wp-json\/wp\/v2\/users\/2"}],"replies":[{"embeddable":true,"href":"https:\/\/ficedula.pl\/index.php\/wp-json\/wp\/v2\/comments?post=1729"}],"version-history":[{"count":7,"href":"https:\/\/ficedula.pl\/index.php\/wp-json\/wp\/v2\/pages\/1729\/revisions"}],"predecessor-version":[{"id":1775,"href":"https:\/\/ficedula.pl\/index.php\/wp-json\/wp\/v2\/pages\/1729\/revisions\/1775"}],"wp:attachment":[{"href":"https:\/\/ficedula.pl\/index.php\/wp-json\/wp\/v2\/media?parent=1729"}],"curies":[{"name":"wp","href":"https:\/\/api.w.org\/{rel}","templated":true}]}}