{"id":581,"date":"2022-06-06T19:25:50","date_gmt":"2022-06-06T17:25:50","guid":{"rendered":"https:\/\/ficedula.pl\/?page_id=581"},"modified":"2022-11-25T16:26:47","modified_gmt":"2022-11-25T15:26:47","slug":"page","status":"publish","type":"page","link":"https:\/\/ficedula.pl\/","title":{"rendered":"Strona g\u0142\u00f3wna"},"content":{"rendered":"\n<p><strong>Witamy na stronie internetowej Stowarzyszenia Ficedula!<\/strong><\/p>\n\n\n\n<p>Stowarzyszenie Ficedula zrzesza mi\u0142o\u015bnik\u00f3w lasu i przyrody. Odkrywamy, badamy i chronimy otaczaj\u0105c\u0105 nas przyrod\u0119, a zdobyt\u0105 podczas studi\u00f3w le\u015bnictwa i pracy zawodowej wiedz\u0119 i do\u015bwiadczenie przekazujemy dalej, chc\u0105c kszta\u0142towa\u0107 \u015bwiadomo\u015b\u0107 przyrodnicz\u0105 spo\u0142ecze\u0144stwa.<\/p>\n\n\n\n<p><strong>Aktualno\u015bci:<\/strong><\/p>\n\n\n\n<div class=\"wp-block-group\"><div class=\"wp-block-group__inner-container is-layout-flow wp-block-group-is-layout-flow\"><ul class=\"wp-block-latest-posts__list is-grid columns-3 has-dates wp-block-latest-posts\"><li><div class=\"wp-block-latest-posts__featured-image\"><img loading=\"lazy\" decoding=\"async\" width=\"150\" height=\"150\" src=\"https:\/\/ficedula.pl\/wp-content\/uploads\/2025\/12\/Michal-Gliwa-Spotkanie-na-lace-1-150x150.jpg\" class=\"attachment-thumbnail size-thumbnail wp-post-image\" alt=\"&quot;Spotkanie na \u0142\u0105ce&quot; Micha\u0142 (SP 5 Wadowice) I miejsce\" style=\"\" srcset=\"https:\/\/ficedula.pl\/wp-content\/uploads\/2025\/12\/Michal-Gliwa-Spotkanie-na-lace-1-150x150.jpg 150w, https:\/\/ficedula.pl\/wp-content\/uploads\/2025\/12\/Michal-Gliwa-Spotkanie-na-lace-1-250x250.jpg 250w\" sizes=\"auto, 100vw\" \/><\/div><a class=\"wp-block-latest-posts__post-title\" href=\"https:\/\/ficedula.pl\/index.php\/2025\/12\/05\/wyniki-konkursu-fotograficznego-przyroda-na-wyciagniecie-reki\/\">Wyniki konkursu fotograficznego &#8220;Przyroda na wyci\u0105gni\u0119cie r\u0119ki&#8221;<\/a><time datetime=\"2025-12-05T08:28:53+01:00\" class=\"wp-block-latest-posts__post-date\">05\/12\/2025<\/time><\/li>\n<li><div class=\"wp-block-latest-posts__featured-image\"><img loading=\"lazy\" decoding=\"async\" width=\"150\" height=\"150\" src=\"https:\/\/ficedula.pl\/wp-content\/uploads\/2025\/11\/spotkanie_Zenon_Wojtas-150x150.jpg\" class=\"attachment-thumbnail size-thumbnail wp-post-image\" alt=\"\" style=\"\" srcset=\"https:\/\/ficedula.pl\/wp-content\/uploads\/2025\/11\/spotkanie_Zenon_Wojtas-150x150.jpg 150w, https:\/\/ficedula.pl\/wp-content\/uploads\/2025\/11\/spotkanie_Zenon_Wojtas-250x250.jpg 250w\" sizes=\"auto, 100vw\" \/><\/div><a class=\"wp-block-latest-posts__post-title\" href=\"https:\/\/ficedula.pl\/index.php\/2025\/11\/25\/ludziom-nie-grozi-niebezpieczenstwo-spotkanie-o-wilkach\/\">Ludziom nie grozi niebezpiecze\u0144stwo &#8211; spotkanie o wilkach w Nowej S\u0142upi (relacja)<\/a><time datetime=\"2025-11-25T11:46:31+01:00\" class=\"wp-block-latest-posts__post-date\">25\/11\/2025<\/time><\/li>\n<li><div class=\"wp-block-latest-posts__featured-image\"><img loading=\"lazy\" decoding=\"async\" width=\"150\" height=\"150\" src=\"https:\/\/ficedula.pl\/wp-content\/uploads\/2025\/11\/O-wilkach-slow-kilka-150x150.jpg\" class=\"attachment-thumbnail size-thumbnail wp-post-image\" alt=\"\" style=\"\" srcset=\"https:\/\/ficedula.pl\/wp-content\/uploads\/2025\/11\/O-wilkach-slow-kilka-150x150.jpg 150w, https:\/\/ficedula.pl\/wp-content\/uploads\/2025\/11\/O-wilkach-slow-kilka-250x250.jpg 250w\" sizes=\"auto, 100vw\" \/><\/div><a class=\"wp-block-latest-posts__post-title\" href=\"https:\/\/ficedula.pl\/index.php\/2025\/11\/10\/zapraszamy-na-spotkanie-o-wilkach-slow-kilka-w-nowej-slupi\/\">Zapraszamy na spotkanie &#8220;O wilkach s\u0142\u00f3w kilka&#8221; w Nowej S\u0142upi<\/a><time datetime=\"2025-11-10T11:41:25+01:00\" class=\"wp-block-latest-posts__post-date\">10\/11\/2025<\/time><\/li>\n<li><div class=\"wp-block-latest-posts__featured-image\"><img loading=\"lazy\" decoding=\"async\" width=\"150\" height=\"150\" src=\"https:\/\/ficedula.pl\/wp-content\/uploads\/2025\/05\/konkurs_przyroda_na_wyciagniecie_reki_plakat-150x150.jpg\" class=\"attachment-thumbnail size-thumbnail wp-post-image\" alt=\"\" style=\"\" srcset=\"https:\/\/ficedula.pl\/wp-content\/uploads\/2025\/05\/konkurs_przyroda_na_wyciagniecie_reki_plakat-150x150.jpg 150w, https:\/\/ficedula.pl\/wp-content\/uploads\/2025\/05\/konkurs_przyroda_na_wyciagniecie_reki_plakat-250x250.jpg 250w\" sizes=\"auto, 100vw\" \/><\/div><a class=\"wp-block-latest-posts__post-title\" href=\"https:\/\/ficedula.pl\/index.php\/2025\/11\/01\/konkurs-fotograficzny-przyroda-na-wyciegniecie-reki\/\">Konkurs fotograficzny &#8220;Przyroda na wyci\u0119gni\u0119cie r\u0119ki&#8221;<\/a><time datetime=\"2025-11-01T21:19:19+01:00\" class=\"wp-block-latest-posts__post-date\">01\/11\/2025<\/time><\/li>\n<li><div class=\"wp-block-latest-posts__featured-image\"><img loading=\"lazy\" decoding=\"async\" width=\"150\" height=\"150\" src=\"https:\/\/ficedula.pl\/wp-content\/uploads\/2025\/10\/modrzewina-150x150.jpg\" class=\"attachment-thumbnail size-thumbnail wp-post-image\" alt=\"\" style=\"\" srcset=\"https:\/\/ficedula.pl\/wp-content\/uploads\/2025\/10\/modrzewina-150x150.jpg 150w, https:\/\/ficedula.pl\/wp-content\/uploads\/2025\/10\/modrzewina-250x250.jpg 250w\" sizes=\"auto, 100vw\" \/><\/div><a class=\"wp-block-latest-posts__post-title\" href=\"https:\/\/ficedula.pl\/index.php\/2025\/10\/11\/razem-dla-przyrody-tworzymy-uzytek-ekologiczny\/\">Razem dla przyrody &#8211; tworzymy u\u017cytek ekologiczny<\/a><time datetime=\"2025-10-11T14:19:12+02:00\" class=\"wp-block-latest-posts__post-date\">11\/10\/2025<\/time><\/li>\n<li><div class=\"wp-block-latest-posts__featured-image\"><img loading=\"lazy\" decoding=\"async\" width=\"150\" height=\"150\" src=\"https:\/\/ficedula.pl\/wp-content\/uploads\/2025\/10\/Noc-z-sowami-Jesienne-gry-i-zabawy-150x150.jpg\" class=\"attachment-thumbnail size-thumbnail wp-post-image\" alt=\"\" style=\"\" srcset=\"https:\/\/ficedula.pl\/wp-content\/uploads\/2025\/10\/Noc-z-sowami-Jesienne-gry-i-zabawy-150x150.jpg 150w, https:\/\/ficedula.pl\/wp-content\/uploads\/2025\/10\/Noc-z-sowami-Jesienne-gry-i-zabawy-250x250.jpg 250w\" sizes=\"auto, 100vw\" \/><\/div><a class=\"wp-block-latest-posts__post-title\" href=\"https:\/\/ficedula.pl\/index.php\/2025\/10\/10\/1839\/\">Zapraszamy na spacery przyrodnicze w Wadowicach<\/a><time datetime=\"2025-10-10T14:20:19+02:00\" class=\"wp-block-latest-posts__post-date\">10\/10\/2025<\/time><\/li>\n<li><div class=\"wp-block-latest-posts__featured-image\"><img loading=\"lazy\" decoding=\"async\" width=\"150\" height=\"150\" src=\"https:\/\/ficedula.pl\/wp-content\/uploads\/2025\/10\/Paprocice-150x150.jpg\" class=\"attachment-thumbnail size-thumbnail wp-post-image\" alt=\"\" style=\"\" srcset=\"https:\/\/ficedula.pl\/wp-content\/uploads\/2025\/10\/Paprocice-150x150.jpg 150w, https:\/\/ficedula.pl\/wp-content\/uploads\/2025\/10\/Paprocice-250x250.jpg 250w\" sizes=\"auto, 100vw\" \/><\/div><a class=\"wp-block-latest-posts__post-title\" href=\"https:\/\/ficedula.pl\/index.php\/2025\/10\/06\/zapraszamy-na-spacer-do-paprocic\/\">Zapraszamy na spacer do Paprocic<\/a><time datetime=\"2025-10-06T14:48:13+02:00\" class=\"wp-block-latest-posts__post-date\">06\/10\/2025<\/time><\/li>\n<li><div class=\"wp-block-latest-posts__featured-image\"><img loading=\"lazy\" decoding=\"async\" width=\"150\" height=\"150\" src=\"https:\/\/ficedula.pl\/wp-content\/uploads\/2025\/06\/DSC_0026-150x150.jpg\" class=\"attachment-thumbnail size-thumbnail wp-post-image\" alt=\"\" style=\"\" srcset=\"https:\/\/ficedula.pl\/wp-content\/uploads\/2025\/06\/DSC_0026-150x150.jpg 150w, https:\/\/ficedula.pl\/wp-content\/uploads\/2025\/06\/DSC_0026-250x250.jpg 250w\" sizes=\"auto, 100vw\" \/><\/div><a class=\"wp-block-latest-posts__post-title\" href=\"https:\/\/ficedula.pl\/index.php\/2025\/06\/18\/skrzydlata-mlodziez-zaobraczkowana\/\">Skrzydlata m\u0142odzie\u017c zaobr\u0105czkowana<\/a><time datetime=\"2025-06-18T08:18:04+02:00\" class=\"wp-block-latest-posts__post-date\">18\/06\/2025<\/time><\/li>\n<li><div class=\"wp-block-latest-posts__featured-image\"><img loading=\"lazy\" decoding=\"async\" width=\"150\" height=\"150\" src=\"https:\/\/ficedula.pl\/wp-content\/uploads\/2025\/05\/plakat_facebook-150x150.jpg\" class=\"attachment-thumbnail size-thumbnail wp-post-image\" alt=\"\" style=\"\" srcset=\"https:\/\/ficedula.pl\/wp-content\/uploads\/2025\/05\/plakat_facebook-150x150.jpg 150w, https:\/\/ficedula.pl\/wp-content\/uploads\/2025\/05\/plakat_facebook-250x250.jpg 250w\" sizes=\"auto, 100vw\" \/><\/div><a class=\"wp-block-latest-posts__post-title\" href=\"https:\/\/ficedula.pl\/index.php\/2025\/05\/20\/weekend-w-naturze-w-gminie-wadowice\/\">Weekend w naturze w Gminie Wadowice<\/a><time datetime=\"2025-05-20T06:56:16+02:00\" class=\"wp-block-latest-posts__post-date\">20\/05\/2025<\/time><\/li>\n<\/ul><\/div><\/div>\n","protected":false},"excerpt":{"rendered":"<p>Witamy na stronie internetowej Stowarzyszenia Ficedula! Stowarzyszenie Ficedula zrzesza mi\u0142o\u015bnik\u00f3w lasu i przyrody. Odkrywamy, badamy i chronimy otaczaj\u0105c\u0105 nas przyrod\u0119, a zdobyt\u0105 podczas studi\u00f3w le\u015bnictwa i pracy zawodowej wiedz\u0119 i do\u015bwiadczenie przekazujemy dalej, chc\u0105c kszta\u0142towa\u0107 \u015bwiadomo\u015b\u0107 przyrodnicz\u0105 spo\u0142ecze\u0144stwa. Aktualno\u015bci:<\/p>\n","protected":false},"author":2,"featured_media":0,"parent":0,"menu_order":0,"comment_status":"closed","ping_status":"closed","template":"","meta":{"footnotes":""},"class_list":["post-581","page","type-page","status-publish","hentry"],"_links":{"self":[{"href":"https:\/\/ficedula.pl\/index.php\/wp-json\/wp\/v2\/pages\/581","targetHints":{"allow":["GET"]}}],"collection":[{"href":"https:\/\/ficedula.pl\/index.php\/wp-json\/wp\/v2\/pages"}],"about":[{"href":"https:\/\/ficedula.pl\/index.php\/wp-json\/wp\/v2\/types\/page"}],"author":[{"embeddable":true,"href":"https:\/\/ficedula.pl\/index.php\/wp-json\/wp\/v2\/users\/2"}],"replies":[{"embeddable":true,"href":"https:\/\/ficedula.pl\/index.php\/wp-json\/wp\/v2\/comments?post=581"}],"version-history":[{"count":14,"href":"https:\/\/ficedula.pl\/index.php\/wp-json\/wp\/v2\/pages\/581\/revisions"}],"predecessor-version":[{"id":1367,"href":"https:\/\/ficedula.pl\/index.php\/wp-json\/wp\/v2\/pages\/581\/revisions\/1367"}],"wp:attachment":[{"href":"https:\/\/ficedula.pl\/index.php\/wp-json\/wp\/v2\/media?parent=581"}],"curies":[{"name":"wp","href":"https:\/\/api.w.org\/{rel}","templated":true}]}}