{"id":602,"date":"2022-06-07T10:02:39","date_gmt":"2022-06-07T08:02:39","guid":{"rendered":"http:\/\/ficedula.pl\/?page_id=602"},"modified":"2025-02-01T18:54:44","modified_gmt":"2025-02-01T17:54:44","slug":"projekty","status":"publish","type":"page","link":"https:\/\/ficedula.pl\/index.php\/projekty\/","title":{"rendered":"Projekty"},"content":{"rendered":"<p><strong>Projekty realizowane w 2024 roku:<\/strong><\/p>\n<ul>\n<li><a href=\"https:\/\/ficedula.pl\/index.php\/razem-dla-czystego-jutra\/\">Razem dla czystego jutra<\/a><\/li>\n<li><a href=\"https:\/\/ficedula.pl\/index.php\/las-blizej-nas\/\">Las bli\u017cej nas<\/a><\/li>\n<li><a href=\"https:\/\/ficedula.pl\/index.php\/woda-przyroda-i-ja-edycja-ii\/\">Woda, przyroda i ja &#8211; edycja II<\/a><\/li>\n<li><a href=\"https:\/\/ficedula.pl\/index.php\/przeciw-uzaleznieniom-natura-jako-lek\/\">Przeciw uzale\u017cnieniom &#8211; natura jako lek<\/a><\/li>\n<\/ul>\n<p><strong>Projekty realizowane w 2023 roku:<\/strong><\/p>\n<ul>\n<li><a href=\"https:\/\/ficedula.pl\/index.php\/woda-przyroda-i-ja\/\" target=\"_blank\" rel=\"noopener\">Woda, przyroda i ja<\/a><\/li>\n<li><a href=\"https:\/\/ficedula.pl\/index.php\/nie-taki-las-straszny\/\" target=\"_blank\" rel=\"noopener\">Nie taki las straszny&#8230;<\/a><\/li>\n<li><a href=\"https:\/\/ficedula.pl\/index.php\/uzaleznieni-od-przyrody-edycja-ii\/\" target=\"_blank\" rel=\"noopener\">Uzale\u017cnieni od przyrody! &#8211; edycja II<\/a><\/li>\n<\/ul>\n<p><strong>Projekty realizowane w 2022 roku:<\/strong><\/p>\n<ul>\n<li><a href=\"https:\/\/ficedula.pl\/index.php\/poznajemy-przyrode-beskidow\/\" target=\"_blank\" rel=\"noopener\">Poznajemy przyrod\u0119 Beskid\u00f3w<\/a><\/li>\n<li><a href=\"https:\/\/ficedula.pl\/index.php\/poznajemy-zapylacze-warsztaty-edukacyjne-dla-dzieci-i-mlodziezy\/\" target=\"_blank\" rel=\"noopener\">Poznajemy zapylacze \u2013 warsztaty edukacyjne dla dzieci i m\u0142odzie\u017cy<\/a><\/li>\n<li><a href=\"https:\/\/ficedula.pl\/index.php\/uzaleznieni-od-przyrody\/\" target=\"_blank\" rel=\"noopener\">Uzale\u017cnieni od przyrody!<\/a><\/li>\n<\/ul>\n<p>&nbsp;<\/p>\n","protected":false},"excerpt":{"rendered":"<p>Projekty realizowane w 2024 roku: Razem dla czystego jutra Las bli\u017cej nas Woda, przyroda i ja &#8211; edycja II Przeciw uzale\u017cnieniom &#8211; natura jako lek Projekty realizowane w 2023 roku: Woda, przyroda i ja Nie taki las straszny&#8230; Uzale\u017cnieni od przyrody! &#8211; edycja II Projekty realizowane w 2022 roku: Poznajemy przyrod\u0119 Beskid\u00f3w Poznajemy zapylacze \u2013 &hellip; <\/p>\n<p class=\"link-more\"><a href=\"https:\/\/ficedula.pl\/index.php\/projekty\/\" class=\"more-link\">Czytaj dalej<span class=\"screen-reader-text\"> \u201eProjekty\u201d<\/span><\/a><\/p>\n","protected":false},"author":2,"featured_media":0,"parent":0,"menu_order":0,"comment_status":"closed","ping_status":"closed","template":"","meta":{"footnotes":""},"class_list":["post-602","page","type-page","status-publish","hentry"],"_links":{"self":[{"href":"https:\/\/ficedula.pl\/index.php\/wp-json\/wp\/v2\/pages\/602","targetHints":{"allow":["GET"]}}],"collection":[{"href":"https:\/\/ficedula.pl\/index.php\/wp-json\/wp\/v2\/pages"}],"about":[{"href":"https:\/\/ficedula.pl\/index.php\/wp-json\/wp\/v2\/types\/page"}],"author":[{"embeddable":true,"href":"https:\/\/ficedula.pl\/index.php\/wp-json\/wp\/v2\/users\/2"}],"replies":[{"embeddable":true,"href":"https:\/\/ficedula.pl\/index.php\/wp-json\/wp\/v2\/comments?post=602"}],"version-history":[{"count":11,"href":"https:\/\/ficedula.pl\/index.php\/wp-json\/wp\/v2\/pages\/602\/revisions"}],"predecessor-version":[{"id":1733,"href":"https:\/\/ficedula.pl\/index.php\/wp-json\/wp\/v2\/pages\/602\/revisions\/1733"}],"wp:attachment":[{"href":"https:\/\/ficedula.pl\/index.php\/wp-json\/wp\/v2\/media?parent=602"}],"curies":[{"name":"wp","href":"https:\/\/api.w.org\/{rel}","templated":true}]}}

<p><strong>Projekty realizowane w 2024 roku:</strong></p>
<ul>
<li><a href="https://ficedula.pl/index.php/razem-dla-czystego-jutra/">Razem dla czystego jutra</a></li>
<li><a href="https://ficedula.pl/index.php/las-blizej-nas/">Las bliżej nas</a></li>
<li><a href="https://ficedula.pl/index.php/woda-przyroda-i-ja-edycja-ii/">Woda, przyroda i ja &#8211; edycja II</a></li>
<li><a href="https://ficedula.pl/index.php/przeciw-uzaleznieniom-natura-jako-lek/">Przeciw uzależnieniom &#8211; natura jako lek</a></li>
</ul>
<p><strong>Projekty realizowane w 2023 roku:</strong></p>
<ul>
<li><a href="https://ficedula.pl/index.php/woda-przyroda-i-ja/" target="_blank" rel="noopener">Woda, przyroda i ja</a></li>
<li><a href="https://ficedula.pl/index.php/nie-taki-las-straszny/" target="_blank" rel="noopener">Nie taki las straszny&#8230;</a></li>
<li><a href="https://ficedula.pl/index.php/uzaleznieni-od-przyrody-edycja-ii/" target="_blank" rel="noopener">Uzależnieni od przyrody! &#8211; edycja II</a></li>
</ul>
<p><strong>Projekty realizowane w 2022 roku:</strong></p>
<ul>
<li><a href="https://ficedula.pl/index.php/poznajemy-przyrode-beskidow/" target="_blank" rel="noopener">Poznajemy przyrodę Beskidów</a></li>
<li><a href="https://ficedula.pl/index.php/poznajemy-zapylacze-warsztaty-edukacyjne-dla-dzieci-i-mlodziezy/" target="_blank" rel="noopener">Poznajemy zapylacze – warsztaty edukacyjne dla dzieci i młodzieży</a></li>
<li><a href="https://ficedula.pl/index.php/uzaleznieni-od-przyrody/" target="_blank" rel="noopener">Uzależnieni od przyrody!</a></li>
</ul>
<p>&nbsp;</p>

<p>Projekty realizowane w 2024 roku: Razem dla czystego jutra Las bliżej nas Woda, przyroda i ja &#8211; edycja II Przeciw uzależnieniom &#8211; natura jako lek Projekty realizowane w 2023 roku: Woda, przyroda i ja Nie taki las straszny&#8230; Uzależnieni od przyrody! &#8211; edycja II Projekty realizowane w 2022 roku: Poznajemy przyrodę Beskidów Poznajemy zapylacze – &hellip; </p>
<p class="link-more"><a href="https://ficedula.pl/index.php/projekty/" class="more-link">Czytaj dalej<span class="screen-reader-text"> „Projekty”</span></a></p>
